CRAN Package Check Results for Package mvoutlier

Last updated on 2022-06-26 23:52:04 CEST.

Flavor Version Tinstall Tcheck Ttotal Status Flags
r-devel-linux-x86_64-debian-clang 2.1.1 5.47 50.04 55.51 NOTE
r-devel-linux-x86_64-debian-gcc 2.1.1 5.04 38.36 43.40 NOTE
r-devel-linux-x86_64-fedora-clang 2.1.1 76.87 NOTE
r-devel-linux-x86_64-fedora-gcc 2.1.1 75.79 NOTE
r-devel-windows-x86_64 2.1.1 45.00 74.00 119.00 NOTE
r-patched-linux-x86_64 2.1.1 7.36 47.07 54.43 OK
r-release-linux-x86_64 2.1.1 6.48 47.30 53.78 OK
r-release-macos-arm64 2.1.1 24.00 OK
r-release-macos-x86_64 2.1.1 31.00 OK
r-release-windows-x86_64 2.1.1 40.00 77.00 117.00 OK
r-oldrel-macos-arm64 2.1.1 27.00 OK
r-oldrel-macos-x86_64 2.1.1 35.00 OK
r-oldrel-windows-ix86+x86_64 2.1.1 11.00 71.00 82.00 OK

Check Details

Version: 2.1.1
Check: Rd files
Result: NOTE
    checkRd: (-1) pkb.Rd:14: Escaped LaTeX specials: \# \# \#
Flavors: r-devel-linux-x86_64-debian-clang, r-devel-linux-x86_64-debian-gcc, r-devel-linux-x86_64-fedora-clang, r-devel-linux-x86_64-fedora-gcc, r-devel-windows-x86_64