CRAN Package Check Results for Package mvmeta

Last updated on 2022-07-03 23:55:51 CEST.

Flavor Version Tinstall Tcheck Ttotal Status Flags
r-devel-linux-x86_64-debian-clang 1.0.3 3.27 56.50 59.77 OK
r-devel-linux-x86_64-debian-gcc 1.0.3 3.79 41.67 45.46 OK
r-devel-linux-x86_64-fedora-clang 1.0.3 81.15 NOTE
r-devel-linux-x86_64-fedora-gcc 1.0.3 82.00 OK
r-devel-windows-x86_64 1.0.3 20.00 89.00 109.00 OK
r-patched-linux-x86_64 1.0.3 6.50 52.71 59.21 OK
r-release-linux-x86_64 1.0.3 4.53 52.40 56.93 OK
r-release-macos-arm64 1.0.3 24.00 OK
r-release-macos-x86_64 1.0.3 32.00 OK
r-release-windows-x86_64 1.0.3 24.00 85.00 109.00 OK
r-oldrel-macos-arm64 1.0.3 31.00 OK
r-oldrel-macos-x86_64 1.0.3 45.00 OK
r-oldrel-windows-ix86+x86_64 1.0.3 9.00 76.00 85.00 OK

Check Details

Version: 1.0.3
Check: Rd cross-references
Result: NOTE
    Undeclared package ‘dosresmeta’ in Rd xrefs
Flavor: r-devel-linux-x86_64-fedora-clang