CRAN Package Check Results for Package mvabund

Last updated on 2022-05-16 23:55:37 CEST.

Flavor Version Tinstall Tcheck Ttotal Status Flags
r-devel-linux-x86_64-debian-clang 4.2.1 90.78 193.57 284.35 OK
r-devel-linux-x86_64-debian-gcc 4.2.1 72.34 139.93 212.27 OK
r-devel-linux-x86_64-fedora-clang 4.2.1 376.28 OK
r-devel-linux-x86_64-fedora-gcc 4.2.1 348.86 OK
r-devel-windows-x86_64 4.2.1 119.00 222.00 341.00 OK
r-patched-linux-x86_64 4.2.1 82.63 184.52 267.15 OK
r-release-linux-x86_64 4.2.1 87.54 182.96 270.50 OK
r-release-macos-arm64 4.2.1 87.00 NOTE
r-release-macos-x86_64 4.2.1 113.00 NOTE
r-release-windows-x86_64 4.2.1 125.00 236.00 361.00 OK
r-oldrel-macos-arm64 4.2.1 71.00 NOTE
r-oldrel-macos-x86_64 4.2.1 119.00 NOTE
r-oldrel-windows-ix86+x86_64 4.2.1 222.00 333.00 555.00 OK

Check Details

Version: 4.2.1
Check: installed package size
Result: NOTE
     installed size is 6.6Mb
     sub-directories of 1Mb or more:
     libs 5.4Mb
Flavors: r-release-macos-arm64, r-release-macos-x86_64, r-oldrel-macos-arm64, r-oldrel-macos-x86_64