Last updated on 2022-07-01 23:53:28 CEST.
Flavor | Version | Tinstall | Tcheck | Ttotal | Status | Flags |
---|---|---|---|---|---|---|
r-devel-linux-x86_64-debian-clang | 1.2.2 | 11.53 | 159.53 | 171.06 | NOTE | |
r-devel-linux-x86_64-debian-gcc | 1.2.2 | 10.26 | 119.10 | 129.36 | NOTE | |
r-devel-linux-x86_64-fedora-clang | 1.2.2 | 222.71 | NOTE | |||
r-devel-linux-x86_64-fedora-gcc | 1.2.2 | 223.36 | NOTE | |||
r-devel-windows-x86_64 | 1.2.2 | 19.00 | 196.00 | 215.00 | NOTE | |
r-patched-linux-x86_64 | 1.2.2 | 9.33 | 148.84 | 158.17 | OK | |
r-release-linux-x86_64 | 1.2.2 | 11.95 | 148.83 | 160.78 | OK | |
r-release-macos-arm64 | 1.2.2 | 65.00 | NOTE | |||
r-release-macos-x86_64 | 1.2.2 | 118.00 | NOTE | |||
r-release-windows-x86_64 | 1.2.2 | 21.00 | 203.00 | 224.00 | OK | |
r-oldrel-macos-arm64 | 1.2.2 | 48.00 | NOTE | |||
r-oldrel-macos-x86_64 | 1.2.2 | 79.00 | NOTE | |||
r-oldrel-windows-ix86+x86_64 | 1.2.2 | 29.00 | 171.00 | 200.00 | OK |
Version: 1.2.2
Check: Rd files
Result: NOTE
checkRd: (-1) bal.Rd:156: Escaped LaTeX specials: \&
Flavors: r-devel-linux-x86_64-debian-clang, r-devel-linux-x86_64-debian-gcc, r-devel-linux-x86_64-fedora-clang, r-devel-linux-x86_64-fedora-gcc, r-devel-windows-x86_64
Version: 1.2.2
Check: dependencies in R code
Result: NOTE
Namespace in Imports field not imported from: ‘Rdpack’
All declared Imports should be used.
Flavors: r-devel-linux-x86_64-fedora-clang, r-devel-linux-x86_64-fedora-gcc, r-release-macos-arm64, r-release-macos-x86_64, r-oldrel-macos-arm64, r-oldrel-macos-x86_64