CRAN Package Check Results for Package multiwayvcov

Last updated on 2021-02-25 23:49:04 CET.

Flavor Version Tinstall Tcheck Ttotal Status Flags
r-devel-linux-x86_64-debian-clang 1.2.3 2.50 27.44 29.94 OK
r-devel-linux-x86_64-debian-gcc 1.2.3 2.22 21.24 23.46 OK
r-devel-linux-x86_64-fedora-clang 1.2.3 45.47 NOTE
r-devel-linux-x86_64-fedora-gcc 1.2.3 35.43 OK
r-devel-windows-ix86+x86_64 1.2.3 5.00 32.00 37.00 OK
r-patched-linux-x86_64 1.2.3 2.77 26.39 29.16 OK
r-patched-solaris-x86 1.2.3 54.40 OK
r-release-linux-x86_64 1.2.3 2.64 26.54 29.18 OK
r-release-macos-x86_64 1.2.3 OK
r-release-windows-ix86+x86_64 1.2.3 6.00 47.00 53.00 OK
r-oldrel-macos-x86_64 1.2.3 OK
r-oldrel-windows-ix86+x86_64 1.2.3 4.00 40.00 44.00 OK

Check Details

Version: 1.2.3
Check: Rd cross-references
Result: NOTE
    Undeclared package ‘lfe’ in Rd xrefs
Flavor: r-devel-linux-x86_64-fedora-clang