CRAN Package Check Results for Package multinomineq

Last updated on 2019-07-22 06:47:43 CEST.

Flavor Version Tinstall Tcheck Ttotal Status Flags
r-devel-linux-x86_64-debian-clang 0.2.1 62.55 272.63 335.18 NOTE
r-devel-linux-x86_64-debian-gcc 0.2.1 51.30 181.12 232.42 NOTE
r-devel-linux-x86_64-fedora-clang 0.2.1 402.92 NOTE
r-devel-linux-x86_64-fedora-gcc 0.2.1 386.90 NOTE
r-devel-windows-ix86+x86_64 0.2.1 121.00 646.00 767.00 NOTE
r-patched-linux-x86_64 0.2.1 56.65 268.68 325.33 NOTE
r-patched-solaris-x86 0.2.1 493.30 NOTE
r-release-linux-x86_64 0.2.1 58.78 261.53 320.31 NOTE
r-release-windows-ix86+x86_64 0.2.1 127.00 499.00 626.00 NOTE
r-release-osx-x86_64 0.2.1 NOTE
r-oldrel-windows-ix86+x86_64 0.2.1 162.00 518.00 680.00 NOTE
r-oldrel-osx-x86_64 0.2.1 NOTE

Check Details

Version: 0.2.1
Check: package dependencies
Result: NOTE
    Package suggested but not available for checking: 'rPorta'
Flavors: r-devel-linux-x86_64-debian-clang, r-devel-linux-x86_64-debian-gcc, r-devel-linux-x86_64-fedora-clang, r-devel-linux-x86_64-fedora-gcc, r-devel-windows-ix86+x86_64, r-patched-linux-x86_64, r-patched-solaris-x86, r-release-linux-x86_64, r-release-windows-ix86+x86_64, r-release-osx-x86_64, r-oldrel-windows-ix86+x86_64, r-oldrel-osx-x86_64

Version: 0.2.1
Check: installed package size
Result: NOTE
     installed size is 5.5Mb
     sub-directories of 1Mb or more:
     libs 4.1Mb
Flavors: r-devel-linux-x86_64-fedora-clang, r-release-osx-x86_64, r-oldrel-osx-x86_64