CRAN Package Check Results for Package multinomineq

Last updated on 2019-12-08 23:47:29 CET.

Flavor Version Tinstall Tcheck Ttotal Status Flags
r-devel-linux-x86_64-debian-clang 0.2.1 70.52 269.20 339.72 NOTE
r-devel-linux-x86_64-debian-gcc 0.2.1 52.58 178.97 231.55 NOTE
r-devel-linux-x86_64-fedora-clang 0.2.1 433.67 NOTE
r-devel-linux-x86_64-fedora-gcc 0.2.1 400.74 NOTE
r-devel-windows-ix86+x86_64 0.2.1 140.00 683.00 823.00 NOTE
r-devel-windows-ix86+x86_64-gcc8 0.2.1 141.00 701.00 842.00 NOTE
r-patched-linux-x86_64 0.2.1 57.81 246.24 304.05 NOTE
r-patched-solaris-x86 0.2.1 484.10 NOTE
r-release-linux-x86_64 0.2.1 60.13 248.78 308.91 NOTE
r-release-windows-ix86+x86_64 0.2.1 170.00 530.00 700.00 NOTE
r-release-osx-x86_64 0.2.1 NOTE
r-oldrel-windows-ix86+x86_64 0.2.1 126.00 530.00 656.00 NOTE
r-oldrel-osx-x86_64 0.2.1 NOTE

Check Details

Version: 0.2.1
Check: package dependencies
Result: NOTE
    Package suggested but not available for checking: 'rPorta'
Flavors: r-devel-linux-x86_64-debian-clang, r-devel-linux-x86_64-debian-gcc, r-devel-linux-x86_64-fedora-clang, r-devel-linux-x86_64-fedora-gcc, r-devel-windows-ix86+x86_64, r-devel-windows-ix86+x86_64-gcc8, r-patched-linux-x86_64, r-patched-solaris-x86, r-release-linux-x86_64, r-release-windows-ix86+x86_64, r-release-osx-x86_64, r-oldrel-windows-ix86+x86_64, r-oldrel-osx-x86_64

Version: 0.2.1
Check: installed package size
Result: NOTE
     installed size is 5.9Mb
     sub-directories of 1Mb or more:
     libs 4.5Mb
Flavors: r-devel-linux-x86_64-fedora-clang, r-release-osx-x86_64, r-oldrel-osx-x86_64