CRAN Package Check Results for Package multilevelTools

Last updated on 2024-06-22 00:58:03 CEST.

Flavor Version Tinstall Tcheck Ttotal Status Flags
r-devel-linux-x86_64-debian-clang 0.1.1 19.28 258.70 277.98 NOTE
r-devel-linux-x86_64-debian-gcc 0.1.1 16.54 195.15 211.69 NOTE
r-devel-linux-x86_64-fedora-clang 0.1.1 355.08 NOTE
r-devel-linux-x86_64-fedora-gcc 0.1.1 353.78 NOTE
r-devel-windows-x86_64 0.1.1 19.00 193.00 212.00 NOTE
r-patched-linux-x86_64 0.1.1 27.36 255.00 282.36 NOTE
r-release-linux-x86_64 0.1.1 15.03 248.90 263.93 NOTE
r-release-macos-arm64 0.1.1 102.00 NOTE
r-release-macos-x86_64 0.1.1 143.00 NOTE
r-release-windows-x86_64 0.1.1 20.00 199.00 219.00 NOTE
r-oldrel-macos-arm64 0.1.1 110.00 NOTE
r-oldrel-macos-x86_64 0.1.1 174.00 NOTE
r-oldrel-windows-x86_64 0.1.1 25.00 258.00 283.00 NOTE

Check Details

Version: 0.1.1
Check: LazyData
Result: NOTE 'LazyData' is specified without a 'data' directory Flavors: r-devel-linux-x86_64-debian-clang, r-devel-linux-x86_64-debian-gcc, r-devel-linux-x86_64-fedora-clang, r-devel-linux-x86_64-fedora-gcc, r-devel-windows-x86_64, r-patched-linux-x86_64, r-release-linux-x86_64, r-release-macos-arm64, r-release-macos-x86_64, r-release-windows-x86_64, r-oldrel-macos-arm64, r-oldrel-macos-x86_64, r-oldrel-windows-x86_64