Last updated on 2022-05-24 23:53:12 CEST.
Flavor | Version | Tinstall | Tcheck | Ttotal | Status | Flags |
---|---|---|---|---|---|---|
r-devel-linux-x86_64-debian-clang | 0.1.2 | 6.80 | 194.42 | 201.22 | OK | |
r-devel-linux-x86_64-debian-gcc | 0.1.2 | 6.19 | 141.48 | 147.67 | OK | |
r-devel-linux-x86_64-fedora-clang | 0.1.2 | 244.02 | NOTE | |||
r-devel-linux-x86_64-fedora-gcc | 0.1.2 | 241.32 | NOTE | |||
r-devel-windows-x86_64 | 0.1.2 | 45.00 | 215.00 | 260.00 | OK | |
r-patched-linux-x86_64 | 0.1.2 | 5.75 | 181.67 | 187.42 | OK | |
r-release-linux-x86_64 | 0.1.2 | OK | ||||
r-release-macos-arm64 | 0.1.2 | 61.00 | NOTE | |||
r-release-macos-x86_64 | 0.1.2 | 104.00 | NOTE | |||
r-release-windows-x86_64 | 0.1.2 | 40.00 | 209.00 | 249.00 | OK | |
r-oldrel-macos-arm64 | 0.1.2 | 72.00 | NOTE | |||
r-oldrel-macos-x86_64 | 0.1.2 | 75.00 | NOTE | |||
r-oldrel-windows-ix86+x86_64 | 0.1.2 | 18.00 | 205.00 | 223.00 | OK |
Version: 0.1.2
Check: dependencies in R code
Result: NOTE
Namespace in Imports field not imported from: ‘ez’
All declared Imports should be used.
Flavors: r-devel-linux-x86_64-fedora-clang, r-devel-linux-x86_64-fedora-gcc, r-release-macos-arm64, r-release-macos-x86_64, r-oldrel-macos-arm64, r-oldrel-macos-x86_64