CRAN Package Check Results for Package multibridge

Last updated on 2022-07-01 23:53:27 CEST.

Flavor Version Tinstall Tcheck Ttotal Status Flags
r-devel-linux-x86_64-debian-clang 1.1.0 19.75 327.04 346.79 NOTE
r-devel-linux-x86_64-debian-gcc 1.1.0 15.71 227.36 243.07 NOTE
r-devel-linux-x86_64-fedora-clang 1.1.0 441.71 NOTE
r-devel-linux-x86_64-fedora-gcc 1.1.0 428.29 NOTE
r-devel-windows-x86_64 1.1.0 54.00 323.00 377.00 NOTE
r-patched-linux-x86_64 1.1.0 15.31 319.16 334.47 NOTE
r-release-linux-x86_64 1.1.0 19.67 313.36 333.03 NOTE
r-release-macos-arm64 1.1.0 103.00 NOTE
r-release-macos-x86_64 1.1.0 134.00 NOTE
r-release-windows-x86_64 1.1.0 80.00 324.00 404.00 NOTE
r-oldrel-macos-arm64 1.1.0 115.00 NOTE
r-oldrel-macos-x86_64 1.1.0 170.00 NOTE
r-oldrel-windows-ix86+x86_64 1.1.0 50.00 667.00 717.00 NOTE

Check Details

Version: 1.1.0
Check: for GNU extensions in Makefiles
Result: NOTE
    GNU make is a SystemRequirements.
Flavors: r-devel-linux-x86_64-debian-clang, r-devel-linux-x86_64-debian-gcc, r-devel-linux-x86_64-fedora-clang, r-devel-linux-x86_64-fedora-gcc, r-devel-windows-x86_64, r-patched-linux-x86_64, r-release-linux-x86_64, r-release-macos-arm64, r-release-macos-x86_64, r-release-windows-x86_64, r-oldrel-macos-arm64, r-oldrel-macos-x86_64, r-oldrel-windows-ix86+x86_64

Version: 1.1.0
Check: dependencies in R code
Result: NOTE
    Namespace in Imports field not imported from: ‘Rdpack’
     All declared Imports should be used.
Flavors: r-devel-linux-x86_64-fedora-clang, r-devel-linux-x86_64-fedora-gcc, r-release-macos-arm64, r-release-macos-x86_64, r-oldrel-macos-arm64, r-oldrel-macos-x86_64