CRAN Package Check Results for Package multiCA

Last updated on 2024-06-13 00:55:23 CEST.

Flavor Version Tinstall Tcheck Ttotal Status Flags
r-devel-linux-x86_64-debian-clang 1.1 8.21 68.62 76.83 OK
r-devel-linux-x86_64-debian-gcc 1.1 6.28 50.60 56.88 ERROR
r-devel-linux-x86_64-fedora-clang 1.1 95.66 OK
r-devel-linux-x86_64-fedora-gcc 1.1 92.13 OK
r-devel-windows-x86_64 1.1 7.00 69.00 76.00 OK
r-patched-linux-x86_64 1.1 6.99 68.32 75.31 OK
r-release-linux-x86_64 1.1 6.93 66.58 73.51 OK
r-release-macos-arm64 1.1 32.00 OK
r-release-macos-x86_64 1.1 46.00 OK
r-release-windows-x86_64 1.1 9.00 71.00 80.00 OK
r-oldrel-macos-arm64 1.1 39.00 OK
r-oldrel-macos-x86_64 1.1 54.00 OK
r-oldrel-windows-x86_64 1.1 10.00 82.00 92.00 OK

Check Details

Version: 1.1
Check: package dependencies
Result: NOTE Package suggested but not available for checking: ‘testthat’ Flavor: r-devel-linux-x86_64-debian-gcc

Version: 1.1
Check: tests
Result: ERROR Running ‘testthat.R’ [0s/1s] Running the tests in ‘tests/testthat.R’ failed. Complete output: > library(testthat) Error in library(testthat) : there is no package called 'testthat' Execution halted Flavor: r-devel-linux-x86_64-debian-gcc