CRAN Package Check Results for Package multiApply

Last updated on 2023-02-06 23:55:51 CET.

Flavor Version Tinstall Tcheck Ttotal Status Flags
r-devel-linux-x86_64-debian-clang 2.1.3 4.13 34.40 38.53 NOTE
r-devel-linux-x86_64-debian-gcc 2.1.3 2.29 26.00 28.29 NOTE
r-devel-linux-x86_64-fedora-clang 2.1.3 47.28 NOTE
r-devel-linux-x86_64-fedora-gcc 2.1.3 45.89 NOTE
r-devel-windows-x86_64 2.1.3 10.00 64.00 74.00 NOTE
r-patched-linux-x86_64 2.1.3 3.76 33.61 37.37 NOTE
r-release-linux-x86_64 2.1.3 2.61 34.32 36.93 NOTE
r-release-macos-arm64 2.1.3 18.00 NOTE
r-release-macos-x86_64 2.1.3 25.00 NOTE
r-release-windows-x86_64 2.1.3 9.00 65.00 74.00 NOTE
r-oldrel-macos-arm64 2.1.3 28.00 NOTE
r-oldrel-macos-x86_64 2.1.3 32.00 NOTE
r-oldrel-windows-ix86+x86_64 2.1.3 8.00 65.00 73.00 NOTE

Check Details

Version: 2.1.3
Check: LazyData
Result: NOTE
     'LazyData' is specified without a 'data' directory
Flavors: r-devel-linux-x86_64-debian-clang, r-devel-linux-x86_64-debian-gcc, r-devel-linux-x86_64-fedora-clang, r-devel-linux-x86_64-fedora-gcc, r-devel-windows-x86_64, r-patched-linux-x86_64, r-release-linux-x86_64, r-release-macos-arm64, r-release-macos-x86_64, r-release-windows-x86_64, r-oldrel-macos-arm64, r-oldrel-macos-x86_64, r-oldrel-windows-ix86+x86_64