CRAN Package Check Results for Package mulset

Last updated on 2021-04-17 23:48:32 CEST.

Flavor Version Tinstall Tcheck Ttotal Status Flags
r-devel-linux-x86_64-debian-clang 1.0.0 1.75 23.60 25.35 OK
r-devel-linux-x86_64-debian-gcc 1.0.0 1.52 18.97 20.49 OK
r-devel-linux-x86_64-fedora-clang 1.0.0 40.81 OK
r-devel-linux-x86_64-fedora-gcc 1.0.0 30.87 OK
r-devel-windows-ix86+x86_64 1.0.0 4.00 4.00 8.00 ERROR
r-devel-windows-x86_64-gcc10-UCRT 1.0.0 OK
r-patched-linux-x86_64 1.0.0 1.86 22.85 24.71 OK
r-patched-solaris-x86 1.0.0 50.90 OK
r-release-linux-x86_64 1.0.0 1.92 22.96 24.88 OK
r-release-macos-x86_64 1.0.0 OK
r-release-windows-ix86+x86_64 1.0.0 5.00 37.00 42.00 OK
r-oldrel-macos-x86_64 1.0.0 OK
r-oldrel-windows-ix86+x86_64 1.0.0 3.00 37.00 40.00 OK

Check Details

Version: 1.0.0
Check: whether package can be installed
Result: ERROR
    Installation failed.
Flavor: r-devel-windows-ix86+x86_64