CRAN Package Check Results for Package mully

Last updated on 2021-04-22 23:49:46 CEST.

Flavor Version Tinstall Tcheck Ttotal Status Flags
r-devel-linux-x86_64-debian-clang 2.1.31 6.62 70.65 77.27 NOTE
r-devel-linux-x86_64-debian-gcc 2.1.31 5.85 55.12 60.97 NOTE
r-devel-linux-x86_64-fedora-clang 2.1.31 108.03 NOTE
r-devel-linux-x86_64-fedora-gcc 2.1.31 92.44 NOTE
r-devel-windows-ix86+x86_64 2.1.31 18.00 102.00 120.00 NOTE
r-devel-windows-x86_64-gcc10-UCRT 2.1.31 ERROR
r-patched-linux-x86_64 2.1.31 7.22 68.01 75.23 OK
r-patched-solaris-x86 2.1.31 137.50 NOTE
r-release-linux-x86_64 2.1.31 6.92 67.95 74.87 OK
r-release-macos-x86_64 2.1.31 NOTE
r-release-windows-ix86+x86_64 2.1.31 19.00 101.00 120.00 OK
r-oldrel-macos-x86_64 2.1.31 WARN
r-oldrel-windows-ix86+x86_64 2.1.31 17.00 101.00 118.00 OK

Check Details

Version: 2.1.31
Check: LazyData
Result: NOTE
     'LazyData' is specified without a 'data' directory
Flavors: r-devel-linux-x86_64-debian-clang, r-devel-linux-x86_64-debian-gcc, r-devel-linux-x86_64-fedora-clang, r-devel-linux-x86_64-fedora-gcc, r-devel-windows-ix86+x86_64

Version: 2.1.31
Check: dependencies in R code
Result: NOTE
    Namespace in Imports field not imported from: ‘shape’
     All declared Imports should be used.
Flavors: r-devel-linux-x86_64-fedora-clang, r-devel-linux-x86_64-fedora-gcc, r-patched-solaris-x86, r-release-macos-x86_64, r-oldrel-macos-x86_64

Version: 2.1.31
Check: package dependencies
Result: ERROR
    Package required but not available: 'rgl'
    
    See section 'The DESCRIPTION file' in the 'Writing R Extensions'
    manual.
Flavor: r-devel-windows-x86_64-gcc10-UCRT

Version: 2.1.31
Check: whether package can be installed
Result: WARN
    Found the following significant warnings:
     Warning: 'rgl.init' failed, running with 'rgl.useNULL = TRUE'.
Flavor: r-oldrel-macos-x86_64