CRAN Package Check Results for Package mudata2

Last updated on 2019-12-08 23:47:29 CET.

Flavor Version Tinstall Tcheck Ttotal Status Flags
r-devel-linux-x86_64-debian-clang 1.0.7 9.00 139.47 148.47 OK
r-devel-linux-x86_64-debian-gcc 1.0.7 7.10 106.63 113.73 OK
r-devel-linux-x86_64-fedora-clang 1.0.7 164.53 OK
r-devel-linux-x86_64-fedora-gcc 1.0.7 167.71 OK
r-devel-windows-ix86+x86_64 1.0.7 15.00 211.00 226.00 OK
r-devel-windows-ix86+x86_64-gcc8 1.0.7 21.00 202.00 223.00 OK
r-patched-linux-x86_64 1.0.7 6.45 122.43 128.88 OK
r-patched-solaris-x86 1.0.7 213.10 ERROR
r-release-linux-x86_64 1.0.7 8.66 121.41 130.07 OK
r-release-windows-ix86+x86_64 1.0.7 12.00 133.00 145.00 OK
r-release-osx-x86_64 1.0.7 ERROR
r-oldrel-windows-ix86+x86_64 1.0.7 9.00 126.00 135.00 OK
r-oldrel-osx-x86_64 1.0.7 ERROR

Check Details

Version: 1.0.7
Check: tests
Result: ERROR
     Running ‘test-all.R’ [62s/86s]
    Running the tests in ‘tests/test-all.R’ failed.
    Complete output:
     >
     > library(testthat)
     >
     > test_check("mudata2")
     Loading required package: mudata2
    
     Attaching package: 'mudata2'
    
     The following object is masked from 'package:testthat':
    
     matches
    
     ── 1. Error: read/write functions work inside RMarkdown (@test_mudata.io.R#554)
     pandoc version 1.12.3 or higher is required and was not found (see the help page ?rmarkdown::pandoc_available).
     Backtrace:
     1. rmarkdown::render(tf, quiet = TRUE)
     2. rmarkdown::pandoc_available(required_pandoc, error = TRUE)
    
     OGR: Unsupported geometry type
     OGR: Unsupported geometry type
     OGR: Unsupported geometry type
     OGR: Unsupported geometry type
     OGR: Unsupported geometry type
     ══ testthat results ═══════════════════════════════════════════════════════════
     [ OK: 961 | SKIPPED: 0 | WARNINGS: 4 | FAILED: 1 ]
     1. Error: read/write functions work inside RMarkdown (@test_mudata.io.R#554)
    
     Error: testthat unit tests failed
     Execution halted
Flavor: r-patched-solaris-x86

Version: 1.0.7
Check: tests
Result: ERROR
     Running ‘test-all.R’ [30s/31s]
    Running the tests in ‘tests/test-all.R’ failed.
    Last 13 lines of output:
     Backtrace:
     1. rmarkdown::render(tf, quiet = TRUE)
     2. rmarkdown::pandoc_available(required_pandoc, error = TRUE)
    
     OGR: Unsupported geometry type
     OGR: Unsupported geometry type
     OGR: Unsupported geometry type
     OGR: Unsupported geometry type
     OGR: Unsupported geometry type
     ══ testthat results ═══════════════════════════════════════════════════════════
     [ OK: 961 | SKIPPED: 0 | WARNINGS: 4 | FAILED: 1 ]
     1. Error: read/write functions work inside RMarkdown (@test_mudata.io.R#554)
    
     Error: testthat unit tests failed
     Execution halted
Flavor: r-release-osx-x86_64

Version: 1.0.7
Check: tests
Result: ERROR
     Running ‘test-all.R’ [33s/33s]
    Running the tests in ‘tests/test-all.R’ failed.
    Last 13 lines of output:
     Backtrace:
     1. rmarkdown::render(tf, quiet = TRUE)
     2. rmarkdown::pandoc_available(required_pandoc, error = TRUE)
    
     OGR: Unsupported geometry type
     OGR: Unsupported geometry type
     OGR: Unsupported geometry type
     OGR: Unsupported geometry type
     OGR: Unsupported geometry type
     ══ testthat results ═══════════════════════════════════════════════════════════
     [ OK: 961 | SKIPPED: 0 | WARNINGS: 4 | FAILED: 1 ]
     1. Error: read/write functions work inside RMarkdown (@test_mudata.io.R#554)
    
     Error: testthat unit tests failed
     Execution halted
Flavor: r-oldrel-osx-x86_64