Last updated on 2021-04-14 23:47:19 CEST.
Flavor | Version | Tinstall | Tcheck | Ttotal | Status | Flags |
---|---|---|---|---|---|---|
r-devel-linux-x86_64-debian-clang | 0.3.1 | 2.44 | 33.87 | 36.31 | OK | |
r-devel-linux-x86_64-debian-gcc | 0.3.1 | 1.88 | 25.57 | 27.45 | OK | |
r-devel-linux-x86_64-fedora-clang | 0.3.1 | 53.34 | OK | |||
r-devel-linux-x86_64-fedora-gcc | 0.3.1 | 43.09 | OK | |||
r-devel-windows-ix86+x86_64 | 0.3.1 | 6.00 | 5.00 | 11.00 | OK | |
r-devel-windows-x86_64-gcc10-UCRT | 0.3.1 | OK | ||||
r-patched-linux-x86_64 | 0.3.1 | 2.16 | 32.91 | 35.07 | OK | |
r-patched-solaris-x86 | 0.3.1 | 69.50 | OK | |||
r-release-linux-x86_64 | 0.3.1 | 2.38 | 32.69 | 35.07 | OK | |
r-release-macos-x86_64 | 0.3.1 | OK | ||||
r-release-windows-ix86+x86_64 | 0.3.1 | 5.00 | 52.00 | 57.00 | OK | |
r-oldrel-macos-x86_64 | 0.3.1 | OK | ||||
r-oldrel-windows-ix86+x86_64 | 0.3.1 | 4.00 | 36.00 | 40.00 | OK |
Version: 0.3.1
Check: whether package can be installed
Result: ERROR*
Flavor: r-devel-windows-ix86+x86_64