CRAN Package Check Results for Package msltrend

Last updated on 2020-08-13 23:48:38 CEST.

Flavor Version Tinstall Tcheck Ttotal Status Flags
r-devel-linux-x86_64-debian-clang 1.0 11.39 72.75 84.14 NOTE
r-devel-linux-x86_64-debian-gcc 1.0 9.42 54.68 64.10 NOTE
r-devel-linux-x86_64-fedora-clang 1.0 104.48 NOTE
r-devel-linux-x86_64-fedora-gcc 1.0 93.40 NOTE
r-devel-windows-ix86+x86_64 1.0 35.00 111.00 146.00 OK
r-patched-linux-x86_64 1.0 7.94 69.49 77.43 NOTE
r-patched-solaris-x86 1.0 141.80 NOTE
r-release-linux-x86_64 1.0 9.16 69.34 78.50 NOTE
r-release-macos-x86_64 1.0 OK
r-release-windows-ix86+x86_64 1.0 32.00 78.00 110.00 OK
r-oldrel-macos-x86_64 1.0 OK
r-oldrel-windows-ix86+x86_64 1.0 18.00 101.00 119.00 OK

Check Details

Version: 1.0
Check: for non-standard things in the check directory
Result: NOTE
    Found the following files/directories:
     'Acceleration.pdf' 'File1.pdf' 'Forecast.pdf' 'Series.pdf'
     'Velocity.pdf'
Flavors: r-devel-linux-x86_64-debian-clang, r-devel-linux-x86_64-debian-gcc, r-devel-linux-x86_64-fedora-clang, r-devel-linux-x86_64-fedora-gcc, r-patched-linux-x86_64, r-patched-solaris-x86, r-release-linux-x86_64