CRAN Package Check Results for Package msgl

Last updated on 2022-01-24 23:54:34 CET.

Flavor Version Tinstall Tcheck Ttotal Status Flags
r-devel-linux-x86_64-debian-clang 2.3.9 37.83 102.93 140.76 OK
r-devel-linux-x86_64-debian-gcc 2.3.9 27.22 78.74 105.96 OK
r-devel-linux-x86_64-fedora-clang 2.3.9 185.47 OK
r-devel-linux-x86_64-fedora-gcc 2.3.9 171.16 OK
r-devel-windows-x86_64-new-UL 2.3.9 49.00 176.00 225.00 OK
r-devel-windows-x86_64-new-TK 2.3.9 OK
r-patched-linux-x86_64 2.3.9 32.22 101.83 134.05 OK
r-release-linux-x86_64 2.3.9 33.78 101.78 135.56 OK
r-release-macos-arm64 2.3.9 NOTE
r-release-macos-x86_64 2.3.9 NOTE
r-release-windows-ix86+x86_64 2.3.9 86.00 223.00 309.00 OK
r-oldrel-macos-x86_64 2.3.9 NOTE
r-oldrel-windows-ix86+x86_64 2.3.9 85.00 219.00 304.00 OK

Check Details

Version: 2.3.9
Check: installed package size
Result: NOTE
     installed size is 5.8Mb
     sub-directories of 1Mb or more:
     libs 4.9Mb
Flavors: r-release-macos-arm64, r-release-macos-x86_64, r-oldrel-macos-x86_64