CRAN Package Check Results for Package mscstts

Last updated on 2022-10-06 23:56:13 CEST.

Flavor Version Tinstall Tcheck Ttotal Status Flags
r-devel-linux-x86_64-debian-clang 0.6.3 2.23 31.04 33.27 OK
r-devel-linux-x86_64-debian-gcc 0.6.3 2.09 24.75 26.84 OK
r-devel-linux-x86_64-fedora-clang 0.6.3 54.07 NOTE
r-devel-linux-x86_64-fedora-gcc 0.6.3 50.99 NOTE
r-devel-windows-x86_64 0.6.3 14.00 69.00 83.00 OK
r-patched-linux-x86_64 0.6.3 6.19 29.87 36.06 OK
r-release-linux-x86_64 0.6.3 2.71 29.71 32.42 OK
r-release-macos-arm64 0.6.3 19.00 NOTE
r-release-macos-x86_64 0.6.3 25.00 NOTE
r-release-windows-x86_64 0.6.3 13.00 65.00 78.00 OK
r-oldrel-macos-arm64 0.6.3 19.00 NOTE
r-oldrel-macos-x86_64 0.6.3 25.00 NOTE
r-oldrel-windows-ix86+x86_64 0.6.3 6.00 56.00 62.00 OK

Check Details

Version: 0.6.3
Check: data for non-ASCII characters
Result: NOTE
     Note: found 75 marked UTF-8 strings
Flavors: r-devel-linux-x86_64-fedora-clang, r-devel-linux-x86_64-fedora-gcc, r-release-macos-arm64, r-release-macos-x86_64, r-oldrel-macos-arm64, r-oldrel-macos-x86_64