Last updated on 2022-05-16 23:55:37 CEST.
Flavor | Version | Tinstall | Tcheck | Ttotal | Status | Flags |
---|---|---|---|---|---|---|
r-devel-linux-x86_64-debian-clang | 1.0.1 | 33.48 | 559.95 | 593.43 | NOTE | |
r-devel-linux-x86_64-debian-gcc | 1.0.1 | 26.88 | 360.99 | 387.87 | NOTE | |
r-devel-linux-x86_64-fedora-clang | 1.0.1 | 516.20 | NOTE | |||
r-devel-linux-x86_64-fedora-gcc | 1.0.1 | 492.39 | NOTE | |||
r-devel-windows-x86_64 | 1.0.1 | 122.00 | 377.00 | 499.00 | NOTE | |
r-patched-linux-x86_64 | 1.0.1 | 29.28 | 465.51 | 494.79 | NOTE | |
r-release-linux-x86_64 | 1.0.1 | 30.98 | 473.51 | 504.49 | NOTE | |
r-release-macos-arm64 | 1.0.1 | 122.00 | NOTE | |||
r-release-macos-x86_64 | 1.0.1 | 194.00 | NOTE | |||
r-release-windows-x86_64 | 1.0.1 | 88.00 | 379.00 | 467.00 | NOTE | |
r-oldrel-macos-arm64 | 1.0.1 | 170.00 | NOTE | |||
r-oldrel-macos-x86_64 | 1.0.1 | 197.00 | NOTE | |||
r-oldrel-windows-ix86+x86_64 | 1.0.1 | 68.00 | 382.00 | 450.00 | NOTE |
Version: 1.0.1
Check: LazyData
Result: NOTE
'LazyData' is specified without a 'data' directory
Flavors: r-devel-linux-x86_64-debian-clang, r-devel-linux-x86_64-debian-gcc, r-devel-linux-x86_64-fedora-clang, r-devel-linux-x86_64-fedora-gcc, r-devel-windows-x86_64, r-patched-linux-x86_64, r-release-linux-x86_64, r-release-macos-arm64, r-release-macos-x86_64, r-release-windows-x86_64, r-oldrel-macos-arm64, r-oldrel-macos-x86_64, r-oldrel-windows-ix86+x86_64