Last updated on 2021-02-25 23:49:03 CET.
Flavor | Version | Tinstall | Tcheck | Ttotal | Status | Flags |
---|---|---|---|---|---|---|
r-devel-linux-x86_64-debian-clang | 0.2 | 15.10 | 55.66 | 70.76 | OK | |
r-devel-linux-x86_64-debian-gcc | 0.2 | 10.74 | 42.64 | 53.38 | OK | |
r-devel-linux-x86_64-fedora-clang | 0.2 | 95.00 | NOTE | |||
r-devel-linux-x86_64-fedora-gcc | 0.2 | 82.05 | NOTE | |||
r-devel-windows-ix86+x86_64 | 0.2 | 30.00 | 83.00 | 113.00 | OK | |
r-patched-linux-x86_64 | 0.2 | 12.00 | 52.86 | 64.86 | OK | |
r-patched-solaris-x86 | 0.2 | 126.70 | OK | |||
r-release-linux-x86_64 | 0.2 | 12.50 | 55.59 | 68.09 | OK | |
r-release-macos-x86_64 | 0.2 | OK | ||||
r-release-windows-ix86+x86_64 | 0.2 | 40.00 | 108.00 | 148.00 | OK | |
r-oldrel-macos-x86_64 | 0.2 | OK | ||||
r-oldrel-windows-ix86+x86_64 | 0.2 | 28.00 | 99.00 | 127.00 | OK |
Version: 0.2
Check: compiled code
Result: NOTE
File ‘mpbart/libs/mpbart.so’:
Found no calls to: ‘R_registerRoutines’, ‘R_useDynamicSymbols’
It is good practice to register native routines and to disable symbol
search.
See ‘Writing portable packages’ in the ‘Writing R Extensions’ manual.
Flavors: r-devel-linux-x86_64-fedora-clang, r-devel-linux-x86_64-fedora-gcc