CRAN Package Check Results for Package moveHMM

Last updated on 2024-07-25 00:52:03 CEST.

Flavor Version Tinstall Tcheck Ttotal Status Flags
r-devel-linux-x86_64-debian-clang 1.9 64.09 194.88 258.97 OK
r-devel-linux-x86_64-debian-gcc 1.9 33.87 149.62 183.49 NOTE
r-devel-linux-x86_64-fedora-clang 1.9 336.97 OK
r-devel-linux-x86_64-fedora-gcc 1.9 376.79 OK
r-devel-windows-x86_64 1.9 47.00 236.00 283.00 NOTE
r-patched-linux-x86_64 1.9 57.28 184.89 242.17 OK
r-release-linux-x86_64 1.9 32.19 190.07 222.26 OK
r-release-macos-arm64 1.9 115.00 OK
r-release-macos-x86_64 1.9 161.00 WARN
r-release-windows-x86_64 1.9 55.00 239.00 294.00 OK
r-oldrel-macos-arm64 1.9 112.00 OK
r-oldrel-macos-x86_64 1.9 210.00 OK
r-oldrel-windows-x86_64 1.9 56.00 266.00 322.00 OK

Check Details

Version: 1.9
Check: Rd cross-references
Result: NOTE Found the following Rd file(s) with Rd \link{} targets missing package anchors: plotSat.Rd: get_map, geom_point Please provide package anchors for all Rd \link{} targets not in the package itself and the base packages. Flavors: r-devel-linux-x86_64-debian-gcc, r-devel-windows-x86_64

Version: 1.9
Check: re-building of vignette outputs
Result: WARN Error(s) in re-building vignettes: --- re-building ‘moveHMM-example.Rmd’ using rmarkdown --- finished re-building ‘moveHMM-example.Rmd’ --- re-building ‘moveHMM-custom-plots.Rnw’ using knitr Error: processing vignette 'moveHMM-custom-plots.Rnw' failed with diagnostics: Running 'texi2dvi' on 'moveHMM-custom-plots.tex' failed. LaTeX errors: ! Undefined control sequence. l.73 \hlkwd{set.seed}\hldef {(}\hlnum{1}\hldef{)} ? ! Emergency stop. ! Emergency stop. l.73 End of file on the terminal! ! ==> Fatal error occurred, no output PDF file produced! --- failed re-building ‘moveHMM-custom-plots.Rnw’ --- re-building ‘moveHMM-guide.Rnw’ using knitr Warning: 'mode(width)' and 'mode(height)' differ between new and previous ==> NOT changing 'width' & 'height' Warning: 'mode(width)' and 'mode(height)' differ between new and previous ==> NOT changing 'width' & 'height' Warning: 'mode(width)' and 'mode(height)' differ between new and previous ==> NOT changing 'width' & 'height' Warning: 'mode(width)' and 'mode(height)' differ between new and previous ==> NOT changing 'width' & 'height' Warning: 'mode(width)' and 'mode(height)' differ between new and previous ==> NOT changing 'width' & 'height' Warning: 'mode(width)' and 'mode(height)' differ between new and previous ==> NOT changing 'width' & 'height' Error: processing vignette 'moveHMM-guide.Rnw' failed with diagnostics: Running 'texi2dvi' on 'moveHMM-guide.tex' failed. LaTeX errors: ! Undefined control sequence. l.147 \hlkwd{head}\hldef {(elk_data)} ? ! Emergency stop. ! Emergency stop. l.147 End of file on the terminal! ! ==> Fatal error occurred, no output PDF file produced! --- failed re-building ‘moveHMM-guide.Rnw’ --- re-building ‘moveHMM-starting-values.Rnw’ using knitr Error: processing vignette 'moveHMM-starting-values.Rnw' failed with diagnostics: Running 'texi2dvi' on 'moveHMM-starting-values.tex' failed. LaTeX errors: ! Undefined control sequence. l.93 \hlkwd{library}\hldef {(moveHMM)} ? ! Emergency stop. ! Emergency stop. l.93 End of file on the terminal! ! ==> Fatal error occurred, no output PDF file produced! --- failed re-building ‘moveHMM-starting-values.Rnw’ SUMMARY: processing the following files failed: ‘moveHMM-custom-plots.Rnw’ ‘moveHMM-guide.Rnw’ ‘moveHMM-starting-values.Rnw’ Error: Vignette re-building failed. Execution halted Flavor: r-release-macos-x86_64