Last updated on 2022-06-30 23:52:19 CEST.
Flavor | Version | Tinstall | Tcheck | Ttotal | Status | Flags |
---|---|---|---|---|---|---|
r-devel-linux-x86_64-debian-clang | 0.2-7 | 4.99 | 143.20 | 148.19 | NOTE | |
r-devel-linux-x86_64-debian-gcc | 0.2-7 | 3.38 | 101.16 | 104.54 | NOTE | |
r-devel-linux-x86_64-fedora-clang | 0.2-7 | 185.23 | NOTE | |||
r-devel-linux-x86_64-fedora-gcc | 0.2-7 | 183.48 | NOTE | |||
r-devel-windows-x86_64 | 0.2-7 | 17.00 | 208.00 | 225.00 | NOTE | |
r-patched-linux-x86_64 | 0.2-7 | 4.77 | 120.29 | 125.06 | NOTE | |
r-release-linux-x86_64 | 0.2-7 | 3.40 | 121.04 | 124.44 | NOTE | |
r-release-macos-arm64 | 0.2-7 | 81.00 | NOTE | |||
r-release-macos-x86_64 | 0.2-7 | 153.00 | NOTE | |||
r-release-windows-x86_64 | 0.2-7 | 19.00 | 193.00 | 212.00 | NOTE | |
r-oldrel-macos-arm64 | 0.2-7 | 80.00 | NOTE | |||
r-oldrel-macos-x86_64 | 0.2-7 | 106.00 | NOTE | |||
r-oldrel-windows-ix86+x86_64 | 0.2-7 | 18.00 | 177.00 | 195.00 | NOTE |
Version: 0.2-7
Check: package dependencies
Result: NOTE
Package suggested but not available for checking: 'corpus.useR.2008.abstracts'
Flavors: r-devel-linux-x86_64-debian-clang, r-devel-linux-x86_64-debian-gcc, r-devel-linux-x86_64-fedora-clang, r-devel-linux-x86_64-fedora-gcc, r-devel-windows-x86_64, r-patched-linux-x86_64, r-release-linux-x86_64, r-release-macos-arm64, r-release-macos-x86_64, r-release-windows-x86_64, r-oldrel-macos-arm64, r-oldrel-macos-x86_64, r-oldrel-windows-ix86+x86_64