CRAN Package Check Results for Package motif

Last updated on 2022-11-25 22:51:37 CET.

Flavor Version Tinstall Tcheck Ttotal Status Flags
r-devel-linux-x86_64-debian-clang 0.5.2 100.80 124.56 225.36 OK
r-devel-linux-x86_64-debian-gcc 0.5.2 77.28 90.94 168.22 OK
r-devel-linux-x86_64-fedora-clang 0.5.2 320.49 OK
r-devel-linux-x86_64-fedora-gcc 0.5.2 311.16 OK
r-devel-windows-x86_64 0.5.2 101.00 210.00 311.00 OK
r-patched-linux-x86_64 0.5.2 OK
r-release-linux-x86_64 0.5.2 90.58 119.66 210.24 OK
r-release-macos-arm64 0.5.2 87.00 NOTE
r-release-macos-x86_64 0.5.2 115.00 NOTE
r-release-windows-x86_64 0.5.2 98.00 206.00 304.00 OK
r-oldrel-macos-arm64 0.5.2 91.00 NOTE
r-oldrel-macos-x86_64 0.5.2 114.00 NOTE
r-oldrel-windows-ix86+x86_64 0.5.2 251.00 276.00 527.00 NOTE

Check Details

Version: 0.5.2
Check: installed package size
Result: NOTE
     installed size is 6.4Mb
     sub-directories of 1Mb or more:
     libs 3.2Mb
     raster 2.2Mb
Flavors: r-release-macos-arm64, r-release-macos-x86_64, r-oldrel-macos-arm64, r-oldrel-macos-x86_64, r-oldrel-windows-ix86+x86_64