CRAN Package Check Results for Package mosqcontrol

Last updated on 2022-11-29 22:53:41 CET.

Flavor Version Tinstall Tcheck Ttotal Status Flags
r-devel-linux-x86_64-debian-clang 0.1.0 5.50 39.87 45.37 NOTE
r-devel-linux-x86_64-debian-gcc 0.1.0 4.12 30.73 34.85 NOTE
r-devel-linux-x86_64-fedora-clang 0.1.0 69.49 NOTE
r-devel-linux-x86_64-fedora-gcc 0.1.0 81.73 NOTE
r-devel-windows-x86_64 0.1.0 18.00 71.00 89.00 NOTE
r-patched-linux-x86_64 0.1.0 5.54 39.37 44.91 NOTE
r-release-linux-x86_64 0.1.0 5.51 38.93 44.44 NOTE
r-release-macos-arm64 0.1.0 23.00 NOTE
r-release-macos-x86_64 0.1.0 34.00 NOTE
r-release-windows-x86_64 0.1.0 23.00 69.00 92.00 NOTE
r-oldrel-macos-arm64 0.1.0 23.00 NOTE
r-oldrel-macos-x86_64 0.1.0 37.00 NOTE
r-oldrel-windows-ix86+x86_64 0.1.0 12.00 64.00 76.00 NOTE

Check Details

Version: 0.1.0
Check: LazyData
Result: NOTE
     'LazyData' is specified without a 'data' directory
Flavors: r-devel-linux-x86_64-debian-clang, r-devel-linux-x86_64-debian-gcc, r-devel-linux-x86_64-fedora-clang, r-devel-linux-x86_64-fedora-gcc, r-devel-windows-x86_64, r-patched-linux-x86_64, r-release-linux-x86_64, r-release-macos-arm64, r-release-macos-x86_64, r-release-windows-x86_64, r-oldrel-macos-arm64, r-oldrel-macos-x86_64, r-oldrel-windows-ix86+x86_64

Version: 0.1.0
Check: dependencies in R code
Result: NOTE
    Namespace in Imports field not imported from: ‘NlcOptim’
     All declared Imports should be used.
Flavors: r-devel-linux-x86_64-fedora-clang, r-devel-linux-x86_64-fedora-gcc, r-release-macos-arm64, r-release-macos-x86_64, r-oldrel-macos-arm64, r-oldrel-macos-x86_64