CRAN Package Check Results for Package mosaicModel

Last updated on 2019-07-15 00:50:40 CEST.

Flavor Version Tinstall Tcheck Ttotal Status Flags
r-devel-linux-x86_64-debian-clang 0.3.0 5.63 74.15 79.78 OK
r-devel-linux-x86_64-debian-gcc 0.3.0 5.17 57.83 63.00 OK
r-devel-linux-x86_64-fedora-clang 0.3.0 96.52 NOTE
r-devel-linux-x86_64-fedora-gcc 0.3.0 88.44 NOTE
r-devel-windows-ix86+x86_64 0.3.0 15.00 93.00 108.00 OK
r-patched-linux-x86_64 0.3.0 6.71 72.04 78.75 OK
r-patched-solaris-x86 0.3.0 140.30 NOTE
r-release-linux-x86_64 0.3.0 5.36 71.65 77.01 OK
r-release-windows-ix86+x86_64 0.3.0 15.00 85.00 100.00 OK
r-release-osx-x86_64 0.3.0 NOTE
r-oldrel-windows-ix86+x86_64 0.3.0 14.00 116.00 130.00 OK
r-oldrel-osx-x86_64 0.3.0 NOTE

Check Details

Version: 0.3.0
Check: dependencies in R code
Result: NOTE
    Namespaces in Imports field not imported from:
     ‘MASS’ ‘caret’ ‘ggformula’ ‘knitr’ ‘testthat’ ‘tidyverse’
     All declared Imports should be used.
Flavors: r-devel-linux-x86_64-fedora-clang, r-devel-linux-x86_64-fedora-gcc, r-patched-solaris-x86, r-release-osx-x86_64, r-oldrel-osx-x86_64