Last updated on 2022-06-28 23:54:09 CEST.
Flavor | Version | Tinstall | Tcheck | Ttotal | Status | Flags |
---|---|---|---|---|---|---|
r-devel-linux-x86_64-debian-clang | 0.1.0 | 2.39 | 20.10 | 22.49 | OK | |
r-devel-linux-x86_64-debian-gcc | 0.1.0 | 1.85 | 15.89 | 17.74 | OK | |
r-devel-linux-x86_64-fedora-clang | 0.1.0 | 38.35 | NOTE | |||
r-devel-linux-x86_64-fedora-gcc | 0.1.0 | 37.29 | NOTE | |||
r-devel-windows-x86_64 | 0.1.0 | 14.00 | 51.00 | 65.00 | OK | |
r-patched-linux-x86_64 | 0.1.0 | 2.09 | 19.57 | 21.66 | OK | |
r-release-linux-x86_64 | 0.1.0 | 1.96 | 20.08 | 22.04 | OK | |
r-release-macos-arm64 | 0.1.0 | 15.00 | NOTE | |||
r-release-macos-x86_64 | 0.1.0 | 19.00 | NOTE | |||
r-release-windows-x86_64 | 0.1.0 | 14.00 | 46.00 | 60.00 | OK | |
r-oldrel-macos-arm64 | 0.1.0 | 19.00 | NOTE | |||
r-oldrel-macos-x86_64 | 0.1.0 | 26.00 | NOTE | |||
r-oldrel-windows-ix86+x86_64 | 0.1.0 | 6.00 | 50.00 | 56.00 | OK |
Version: 0.1.0
Check: data for non-ASCII characters
Result: NOTE
Note: found 13 marked UTF-8 strings
Flavors: r-devel-linux-x86_64-fedora-clang, r-devel-linux-x86_64-fedora-gcc, r-release-macos-arm64, r-release-macos-x86_64, r-oldrel-macos-arm64, r-oldrel-macos-x86_64