CRAN Package Check Results for Package monotonicity

Last updated on 2021-02-25 23:49:03 CET.

Flavor Version Tinstall Tcheck Ttotal Status Flags
r-devel-linux-x86_64-debian-clang 1.3.1 3.08 93.56 96.64 OK
r-devel-linux-x86_64-debian-gcc 1.3.1 2.34 69.72 72.06 OK
r-devel-linux-x86_64-fedora-clang 1.3.1 125.20 OK
r-devel-linux-x86_64-fedora-gcc 1.3.1 122.09 OK
r-devel-windows-ix86+x86_64 1.3.1 6.00 82.00 88.00 OK
r-patched-linux-x86_64 1.3.1 2.71 94.82 97.53 OK
r-patched-solaris-x86 1.3.1 210.90 OK
r-release-linux-x86_64 1.3.1 2.86 94.56 97.42 OK
r-release-macos-x86_64 1.3.1 OK
r-release-windows-ix86+x86_64 1.3.1 7.00 8.00 15.00 ERROR
r-oldrel-macos-x86_64 1.3.1 OK
r-oldrel-windows-ix86+x86_64 1.3.1 4.00 110.00 114.00 OK

Check Details

Version: 1.3.1
Check: whether package can be installed
Result: ERROR
    
    See * DONE
Flavor: r-release-windows-ix86+x86_64