Last updated on 2022-06-24 23:50:16 CEST.
Flavor | Version | Tinstall | Tcheck | Ttotal | Status | Flags |
---|---|---|---|---|---|---|
r-devel-linux-x86_64-debian-clang | 1.9-15 | 16.11 | 59.60 | 75.71 | NOTE | |
r-devel-linux-x86_64-debian-gcc | 1.9-15 | 11.59 | 44.12 | 55.71 | NOTE | |
r-devel-linux-x86_64-fedora-clang | 1.9-15 | 104.32 | NOTE | |||
r-devel-linux-x86_64-fedora-gcc | 1.9-15 | 95.75 | NOTE | |||
r-devel-windows-x86_64 | 1.9-15 | 38.00 | 95.00 | 133.00 | NOTE | |
r-patched-linux-x86_64 | 1.9-15 | 13.45 | 55.20 | 68.65 | OK | |
r-release-linux-x86_64 | 1.9-15 | 11.97 | 55.87 | 67.84 | OK | |
r-release-macos-arm64 | 1.9-15 | 36.00 | OK | |||
r-release-macos-x86_64 | 1.9-15 | 41.00 | OK | |||
r-release-windows-x86_64 | 1.9-15 | 34.00 | 94.00 | 128.00 | OK | |
r-oldrel-macos-arm64 | 1.9-15 | 27.00 | OK | |||
r-oldrel-macos-x86_64 | 1.9-15 | 41.00 | OK | |||
r-oldrel-windows-ix86+x86_64 | 1.9-15 | 37.00 | 103.00 | 140.00 | OK |
Version: 1.9-15
Check: Rd files
Result: NOTE
checkRd: (-1) bmonomvn.Rd:64: Escaped LaTeX specials: \&
checkRd: (-1) bmonomvn.Rd:149: Escaped LaTeX specials: \&
checkRd: (-1) returns.Rd:31: Escaped LaTeX specials: \$
checkRd: (-1) returns.Rd:37: Escaped LaTeX specials: \&
Flavors: r-devel-linux-x86_64-debian-clang, r-devel-linux-x86_64-debian-gcc, r-devel-linux-x86_64-fedora-clang, r-devel-linux-x86_64-fedora-gcc, r-devel-windows-x86_64