CRAN Package Check Results for Package monkeylearn

Last updated on 2019-08-11 23:47:34 CEST.

Flavor Version Tinstall Tcheck Ttotal Status Flags
r-devel-linux-x86_64-debian-clang 0.2.0 2.60 24.13 26.73 OK
r-devel-linux-x86_64-debian-gcc 0.2.0 2.23 19.01 21.24 OK
r-devel-linux-x86_64-fedora-clang 0.2.0 36.42 NOTE
r-devel-linux-x86_64-fedora-gcc 0.2.0 31.29 NOTE
r-devel-windows-ix86+x86_64 0.2.0 7.00 49.00 56.00 OK
r-patched-linux-x86_64 0.2.0 2.08 23.92 26.00 OK
r-patched-solaris-x86 0.2.0 52.80 NOTE
r-release-linux-x86_64 0.2.0 2.45 24.04 26.49 OK
r-release-windows-ix86+x86_64 0.2.0 8.00 52.00 60.00 OK
r-release-osx-x86_64 0.2.0 NOTE
r-oldrel-windows-ix86+x86_64 0.2.0 7.00 45.00 52.00 OK
r-oldrel-osx-x86_64 0.2.0 NOTE

Check Details

Version: 0.2.0
Check: dependencies in R code
Result: NOTE
    Namespace in Imports field not imported from: ‘ratelimitr’
     All declared Imports should be used.
Flavors: r-devel-linux-x86_64-fedora-clang, r-devel-linux-x86_64-fedora-gcc, r-patched-solaris-x86, r-release-osx-x86_64, r-oldrel-osx-x86_64