CRAN Package Check Results for Package molic

Last updated on 2021-04-22 23:49:46 CEST.

Flavor Version Tinstall Tcheck Ttotal Status Flags
r-devel-linux-x86_64-debian-clang 2.0.1 43.09 149.01 192.10 OK
r-devel-linux-x86_64-debian-gcc 2.0.1 32.99 106.81 139.80 OK
r-devel-linux-x86_64-fedora-clang 2.0.1 250.69 NOTE
r-devel-linux-x86_64-fedora-gcc 2.0.1 231.31 OK
r-devel-windows-ix86+x86_64 2.0.1 94.00 227.00 321.00 NOTE
r-devel-windows-x86_64-gcc10-UCRT 2.0.1 OK
r-patched-linux-x86_64 2.0.1 36.98 141.70 178.68 OK
r-patched-solaris-x86 2.0.1 289.40 OK
r-release-linux-x86_64 2.0.1 36.83 138.99 175.82 OK
r-release-macos-x86_64 2.0.1 NOTE
r-release-windows-ix86+x86_64 2.0.1 95.00 204.00 299.00 NOTE
r-oldrel-macos-x86_64 2.0.1 NOTE
r-oldrel-windows-ix86+x86_64 2.0.1 103.00 234.00 337.00 OK

Check Details

Version: 2.0.1
Check: installed package size
Result: NOTE
     installed size is 5.3Mb
     sub-directories of 1Mb or more:
     extdata 1.6Mb
     libs 2.4Mb
Flavors: r-devel-linux-x86_64-fedora-clang, r-devel-windows-ix86+x86_64, r-release-macos-x86_64, r-release-windows-ix86+x86_64, r-oldrel-macos-x86_64