CRAN Package Check Results for Package molaR

Last updated on 2021-01-24 23:47:36 CET.

Flavor Version Tinstall Tcheck Ttotal Status Flags
r-devel-linux-x86_64-debian-clang 4.5 16.70 256.94 273.64 OK
r-devel-linux-x86_64-debian-gcc 4.5 14.95 192.10 207.05 OK
r-devel-linux-x86_64-fedora-clang 4.5 351.47 NOTE
r-devel-linux-x86_64-fedora-gcc 4.5 347.69 OK
r-devel-windows-ix86+x86_64 4.5 42.00 225.00 267.00 NOTE
r-patched-linux-x86_64 4.5 16.75 249.48 266.23 OK
r-patched-solaris-x86 4.5 328.10 WARN
r-release-linux-x86_64 4.5 18.37 243.57 261.94 OK
r-release-macos-x86_64 4.5 WARN
r-release-windows-ix86+x86_64 4.5 45.00 258.00 303.00 NOTE
r-oldrel-macos-x86_64 4.5 WARN
r-oldrel-windows-ix86+x86_64 4.5 30.00 276.00 306.00 NOTE

Check Details

Version: 4.5
Check: installed package size
Result: NOTE
     installed size is 24.1Mb
     sub-directories of 1Mb or more:
     doc 23.1Mb
Flavors: r-devel-linux-x86_64-fedora-clang, r-devel-windows-ix86+x86_64, r-patched-solaris-x86, r-release-macos-x86_64, r-release-windows-ix86+x86_64, r-oldrel-macos-x86_64, r-oldrel-windows-ix86+x86_64

Version: 4.5
Check: re-building of vignette outputs
Result: WARN
    Error(s) in re-building vignettes:
     ...
    --- re-building ‘molaR_vignette.Rmd’ using rmarkdown
    Warning in engine$weave(file, quiet = quiet, encoding = enc) :
     Pandoc (>= 1.12.3) and/or pandoc-citeproc not available. Falling back to R Markdown v1.
    Loading required package: alphahull
    Loading required package: rgl
    Loading required package: Rvcg
    Quitting from lines 58-60 (molaR_vignette.Rmd)
    Error: processing vignette 'molaR_vignette.Rmd' failed with diagnostics:
    cannot open the connection
    --- failed re-building ‘molaR_vignette.Rmd’
    
    SUMMARY: processing the following file failed:
     ‘molaR_vignette.Rmd’
    
    Error: Vignette re-building failed.
    Execution halted
Flavors: r-patched-solaris-x86, r-release-macos-x86_64, r-oldrel-macos-x86_64

Version: 4.5
Check: whether package can be installed
Result: WARN
    Found the following significant warnings:
     Warning: 'rgl.init' failed, running with 'rgl.useNULL = TRUE'.
Flavor: r-oldrel-macos-x86_64