CRAN Package Check Results for Package modeltools

Last updated on 2019-10-20 23:47:30 CEST.

Flavor Version Tinstall Tcheck Ttotal Status Flags
r-devel-linux-x86_64-debian-clang 0.2-22 3.31 25.95 29.26 OK
r-devel-linux-x86_64-debian-gcc 0.2-22 2.72 21.32 24.04 OK
r-devel-linux-x86_64-fedora-clang 0.2-22 38.64 NOTE
r-devel-linux-x86_64-fedora-gcc 0.2-22 36.26 NOTE
r-devel-windows-ix86+x86_64 0.2-22 12.00 41.00 53.00 OK
r-patched-linux-x86_64 0.2-22 3.06 26.24 29.30 OK
r-patched-solaris-x86 0.2-22 62.70 OK
r-release-linux-x86_64 0.2-22 3.33 26.81 30.14 OK
r-release-windows-ix86+x86_64 0.2-22 8.00 57.00 65.00 OK
r-release-osx-x86_64 0.2-22 OK
r-oldrel-windows-ix86+x86_64 0.2-22 5.00 36.00 41.00 OK
r-oldrel-osx-x86_64 0.2-22 OK

Check Details

Version: 0.2-22
Check: top-level files
Result: NOTE
    ‘cleanup’: /bin/bash is not portable
Flavors: r-devel-linux-x86_64-fedora-clang, r-devel-linux-x86_64-fedora-gcc