CRAN Package Check Results for Package modelsummary

Last updated on 2020-02-17 00:49:17 CET.

Flavor Version Tinstall Tcheck Ttotal Status Flags
r-devel-linux-x86_64-debian-clang 0.1.1 5.77 57.19 62.96 NOTE
r-devel-linux-x86_64-debian-gcc 0.1.1 4.87 44.33 49.20 NOTE
r-devel-linux-x86_64-fedora-clang 0.1.1 79.78 NOTE
r-devel-linux-x86_64-fedora-gcc 0.1.1 83.69 NOTE
r-devel-windows-ix86+x86_64 0.1.1 12.00 93.00 105.00 NOTE
r-devel-windows-ix86+x86_64-gcc8 0.1.0 24.00 88.00 112.00 NOTE
r-patched-linux-x86_64 0.1.1 5.39 50.73 56.12 NOTE
r-patched-solaris-x86 0.1.1 99.50 NOTE
r-release-linux-x86_64 0.1.1 4.30 49.95 54.25 NOTE
r-release-windows-ix86+x86_64 0.1.1 11.00 57.00 68.00 NOTE
r-release-osx-x86_64 0.1.1 NOTE
r-oldrel-windows-ix86+x86_64 0.1.1 8.00 91.00 99.00 NOTE
r-oldrel-osx-x86_64 0.1.1 NOTE

Check Details

Version: 0.1.1
Check: package dependencies
Result: NOTE
    Package suggested but not available for checking: 'gt'
Flavors: r-devel-linux-x86_64-debian-clang, r-devel-linux-x86_64-debian-gcc, r-devel-linux-x86_64-fedora-clang, r-devel-linux-x86_64-fedora-gcc, r-devel-windows-ix86+x86_64, r-patched-linux-x86_64, r-patched-solaris-x86, r-release-linux-x86_64, r-release-windows-ix86+x86_64, r-release-osx-x86_64, r-oldrel-windows-ix86+x86_64, r-oldrel-osx-x86_64

Version: 0.1.0
Check: package dependencies
Result: NOTE
    Package suggested but not available for checking: 'gt'
Flavor: r-devel-windows-ix86+x86_64-gcc8