CRAN Package Check Results for Package modelsummary

Last updated on 2019-10-06 23:47:04 CEST.

Flavor Version Tinstall Tcheck Ttotal Status Flags
r-devel-linux-x86_64-debian-clang 0.1.0 5.19 50.65 55.84 NOTE
r-devel-linux-x86_64-debian-gcc 0.1.0 4.02 39.20 43.22 NOTE
r-devel-linux-x86_64-fedora-clang 0.1.0 70.58 NOTE
r-devel-linux-x86_64-fedora-gcc 0.1.0 66.84 NOTE
r-devel-windows-ix86+x86_64 0.1.0 24.00 58.00 82.00 NOTE
r-patched-linux-x86_64 0.1.0 4.03 48.75 52.78 NOTE
r-patched-solaris-x86 0.1.0 95.40 NOTE
r-release-linux-x86_64 0.1.0 4.46 47.64 52.10 NOTE
r-release-windows-ix86+x86_64 0.1.0 11.00 94.00 105.00 NOTE
r-release-osx-x86_64 0.1.0 NOTE
r-oldrel-windows-ix86+x86_64 0.1.0 6.00 91.00 97.00 NOTE
r-oldrel-osx-x86_64 0.1.0 NOTE

Check Details

Version: 0.1.0
Check: package dependencies
Result: NOTE
    Package suggested but not available for checking: 'gt'
Flavors: r-devel-linux-x86_64-debian-clang, r-devel-linux-x86_64-debian-gcc, r-devel-linux-x86_64-fedora-clang, r-devel-linux-x86_64-fedora-gcc, r-devel-windows-ix86+x86_64, r-patched-linux-x86_64, r-patched-solaris-x86, r-release-linux-x86_64, r-release-windows-ix86+x86_64, r-release-osx-x86_64, r-oldrel-windows-ix86+x86_64, r-oldrel-osx-x86_64