CRAN Package Check Results for Package modeldata

Last updated on 2024-07-15 00:49:50 CEST.

Flavor Version Tinstall Tcheck Ttotal Status Flags
r-devel-linux-x86_64-debian-clang 1.4.0 20.49 60.04 80.53 OK
r-devel-linux-x86_64-debian-gcc 1.4.0 18.76 45.13 63.89 OK
r-devel-linux-x86_64-fedora-clang 1.4.0 106.92 NOTE
r-devel-linux-x86_64-fedora-gcc 1.4.0 102.01 NOTE
r-devel-windows-x86_64 1.4.0 22.00 78.00 100.00 NOTE
r-patched-linux-x86_64 1.4.0 23.20 58.04 81.24 OK
r-release-linux-x86_64 1.4.0 20.19 57.38 77.57 OK
r-release-macos-arm64 1.4.0 42.00 NOTE
r-release-macos-x86_64 1.4.0 90.00 NOTE
r-release-windows-x86_64 1.4.0 23.00 80.00 103.00 NOTE
r-oldrel-macos-arm64 1.4.0 45.00 NOTE
r-oldrel-macos-x86_64 1.4.0 84.00 NOTE
r-oldrel-windows-x86_64 1.4.0 27.00 93.00 120.00 OK

Check Details

Version: 1.4.0
Check: installed package size
Result: NOTE installed size is 5.0Mb sub-directories of 1Mb or more: data 4.8Mb Flavors: r-devel-linux-x86_64-fedora-clang, r-devel-windows-x86_64, r-release-macos-arm64, r-release-macos-x86_64, r-release-windows-x86_64, r-oldrel-macos-arm64, r-oldrel-macos-x86_64

Version: 1.4.0
Check: Rd cross-references
Result: NOTE Undeclared package ‘caret’ in Rd xrefs Flavor: r-devel-linux-x86_64-fedora-clang

Version: 1.4.0
Check: data for non-ASCII characters
Result: NOTE Note: found 313 marked UTF-8 strings Flavors: r-devel-linux-x86_64-fedora-clang, r-devel-linux-x86_64-fedora-gcc