CRAN Package Check Results for Package modeldata

Last updated on 2022-08-13 23:51:49 CEST.

Flavor Version Tinstall Tcheck Ttotal Status Flags
r-devel-linux-x86_64-debian-clang 1.0.0 20.56 63.60 84.16 NOTE
r-devel-linux-x86_64-debian-gcc 1.0.0 17.86 47.30 65.16 NOTE
r-devel-linux-x86_64-fedora-clang 1.0.0 112.68 NOTE
r-devel-linux-x86_64-fedora-gcc 1.0.0 109.06 NOTE
r-devel-windows-x86_64 1.0.0 69.00 90.00 159.00 OK
r-patched-linux-x86_64 1.0.0 19.98 58.26 78.24 OK
r-release-linux-x86_64 1.0.0 20.43 58.88 79.31 OK
r-release-macos-arm64 1.0.0 43.00 NOTE
r-release-macos-x86_64 1.0.0 50.00 NOTE
r-release-windows-x86_64 1.0.0 62.00 95.00 157.00 OK
r-oldrel-macos-arm64 1.0.0 40.00 NOTE
r-oldrel-macos-x86_64 1.0.0 49.00 NOTE
r-oldrel-windows-ix86+x86_64 1.0.0 37.00 80.00 117.00 OK

Check Details

Version: 1.0.0
Check: HTML version of manual
Result: NOTE
    Found the following HTML validation problems:
    ames.html:35:83: Warning: inserting implicit <p>
    ames.html:35:83: Warning: trimming empty <p>
Flavors: r-devel-linux-x86_64-debian-clang, r-devel-linux-x86_64-debian-gcc

Version: 1.0.0
Check: Rd cross-references
Result: NOTE
    Undeclared package ‘caret’ in Rd xrefs
Flavor: r-devel-linux-x86_64-fedora-clang

Version: 1.0.0
Check: data for non-ASCII characters
Result: NOTE
     Note: found 313 marked UTF-8 strings
Flavors: r-devel-linux-x86_64-fedora-clang, r-devel-linux-x86_64-fedora-gcc, r-release-macos-arm64, r-release-macos-x86_64, r-oldrel-macos-arm64, r-oldrel-macos-x86_64