Last updated on 2021-04-21 23:48:08 CEST.
Flavor | Version | Tinstall | Tcheck | Ttotal | Status | Flags |
---|---|---|---|---|---|---|
r-devel-linux-x86_64-debian-clang | 2.1.1 | 4.39 | 399.11 | 403.50 | NOTE | |
r-devel-linux-x86_64-debian-gcc | 2.1.2 | 3.39 | 310.49 | 313.88 | OK | |
r-devel-linux-x86_64-fedora-clang | 2.1.2 | 458.72 | OK | |||
r-devel-linux-x86_64-fedora-gcc | 2.1.2 | 444.14 | OK | |||
r-devel-windows-ix86+x86_64 | 2.1.1 | 11.00 | 309.00 | 320.00 | NOTE | |
r-devel-windows-x86_64-gcc10-UCRT | 2.1.1 | NOTE | ||||
r-patched-linux-x86_64 | 2.1.1 | 5.18 | 380.42 | 385.60 | OK | |
r-patched-solaris-x86 | 2.1.2 | 709.00 | OK | |||
r-release-linux-x86_64 | 2.1.1 | 4.29 | 377.15 | 381.44 | OK | |
r-release-macos-x86_64 | 2.1.1 | OK | ||||
r-release-windows-ix86+x86_64 | 2.1.2 | 10.00 | 309.00 | 319.00 | OK | |
r-oldrel-macos-x86_64 | 2.1.2 | OK | ||||
r-oldrel-windows-ix86+x86_64 | 2.1.1 | 19.00 | 306.00 | 325.00 | OK |
Version: 2.1.1
Check: LazyData
Result: NOTE
'LazyData' is specified without a 'data' directory
Flavors: r-devel-linux-x86_64-debian-clang, r-devel-windows-ix86+x86_64, r-devel-windows-x86_64-gcc10-UCRT