CRAN Package Check Results for Package modelDown

Last updated on 2019-10-20 23:47:30 CEST.

Flavor Version Tinstall Tcheck Ttotal Status Flags
r-devel-linux-x86_64-debian-clang 1.0.1 5.55 196.75 202.30 OK
r-devel-linux-x86_64-debian-gcc 1.0.1 4.84 162.65 167.49 OK
r-devel-linux-x86_64-fedora-clang 1.0.1 237.86 NOTE
r-devel-linux-x86_64-fedora-gcc 1.0.1 230.36 NOTE
r-devel-windows-ix86+x86_64 1.0.1 17.00 153.00 170.00 OK
r-patched-linux-x86_64 1.0.1 5.67 190.35 196.02 OK
r-patched-solaris-x86 1.0.1 395.30 NOTE
r-release-linux-x86_64 1.0.1 5.31 192.93 198.24 OK
r-release-windows-ix86+x86_64 1.0.1 22.00 89.00 111.00 OK
r-release-osx-x86_64 1.0.1 NOTE
r-oldrel-windows-ix86+x86_64 1.0.1 8.00 80.00 88.00 OK
r-oldrel-osx-x86_64 1.0.1 NOTE

Check Details

Version: 1.0.1
Check: dependencies in R code
Result: NOTE
    Namespaces in Imports field not imported from:
     ‘DALEX’ ‘DT’ ‘auditor’ ‘breakDown’ ‘drifter’ ‘svglite’
     All declared Imports should be used.
Flavors: r-devel-linux-x86_64-fedora-clang, r-devel-linux-x86_64-fedora-gcc, r-patched-solaris-x86, r-release-osx-x86_64, r-oldrel-osx-x86_64