Last updated on 2021-01-27 23:49:24 CET.
Flavor | Version | Tinstall | Tcheck | Ttotal | Status | Flags |
---|---|---|---|---|---|---|
r-devel-linux-x86_64-debian-clang | 0.4 | 36.49 | 99.02 | 135.51 | OK | |
r-devel-linux-x86_64-debian-gcc | 0.4 | OK | ||||
r-devel-linux-x86_64-fedora-clang | 0.4 | 175.27 | NOTE | |||
r-devel-linux-x86_64-fedora-gcc | 0.4 | 158.07 | NOTE | |||
r-devel-windows-ix86+x86_64 | 0.4 | 65.00 | 117.00 | 182.00 | NOTE | |
r-patched-linux-x86_64 | 0.4 | 32.32 | 91.71 | 124.03 | OK | |
r-patched-solaris-x86 | 0.4 | 238.20 | NOTE | |||
r-release-linux-x86_64 | 0.4 | 34.01 | 90.64 | 124.65 | OK | |
r-release-macos-x86_64 | 0.4 | NOTE | ||||
r-release-windows-ix86+x86_64 | 0.4 | 61.00 | 87.00 | 148.00 | NOTE | |
r-oldrel-macos-x86_64 | 0.4 | NOTE | ||||
r-oldrel-windows-ix86+x86_64 | 0.4 | 55.00 | 111.00 | 166.00 | NOTE |
Version: 0.4
Check: package dependencies
Result: NOTE
Imports includes 26 non-default packages.
Importing from so many packages makes the package vulnerable to any of
them becoming unavailable. Move as many as possible to Suggests and
use conditionally.
Flavor: r-devel-linux-x86_64-fedora-clang
Version: 0.4
Check: installed package size
Result: NOTE
installed size is 6.2Mb
sub-directories of 1Mb or more:
R 1.5Mb
extdata 4.6Mb
Flavors: r-devel-linux-x86_64-fedora-clang, r-devel-windows-ix86+x86_64, r-patched-solaris-x86, r-release-macos-x86_64, r-release-windows-ix86+x86_64, r-oldrel-macos-x86_64, r-oldrel-windows-ix86+x86_64
Version: 0.4
Check: dependencies in R code
Result: NOTE
Namespaces in Imports field not imported from:
‘lubridate’ ‘xts’
All declared Imports should be used.
Flavors: r-devel-linux-x86_64-fedora-clang, r-devel-linux-x86_64-fedora-gcc, r-patched-solaris-x86, r-release-macos-x86_64, r-oldrel-macos-x86_64