Last updated on 2021-04-14 23:47:18 CEST.
Flavor | Version | Tinstall | Tcheck | Ttotal | Status | Flags |
---|---|---|---|---|---|---|
r-devel-linux-x86_64-debian-clang | 1.1 | 7.06 | 57.05 | 64.11 | OK | |
r-devel-linux-x86_64-debian-gcc | 1.1 | 5.40 | 42.61 | 48.01 | OK | |
r-devel-linux-x86_64-fedora-clang | 1.1 | 87.30 | OK | |||
r-devel-linux-x86_64-fedora-gcc | 1.1 | 73.80 | OK | |||
r-devel-windows-ix86+x86_64 | 1.1 | 11.00 | 5.00 | 16.00 | ERROR | |
r-devel-windows-x86_64-gcc10-UCRT | 1.1 | OK | ||||
r-patched-linux-x86_64 | 1.1 | 6.69 | 51.99 | 58.68 | OK | |
r-patched-solaris-x86 | 1.1 | 110.40 | OK | |||
r-release-linux-x86_64 | 1.1 | 5.59 | 53.15 | 58.74 | OK | |
r-release-macos-x86_64 | 1.1 | OK | ||||
r-release-windows-ix86+x86_64 | 1.1 | 8.00 | 73.00 | 81.00 | OK | |
r-oldrel-macos-x86_64 | 1.1 | OK | ||||
r-oldrel-windows-ix86+x86_64 | 1.1 | 9.00 | 50.00 | 59.00 | OK |
Version: 1.1
Check: whether package can be installed
Result: ERROR
Installation failed.
Flavor: r-devel-windows-ix86+x86_64