CRAN Package Check Results for Package mnt

Last updated on 2022-06-30 23:52:18 CEST.

Flavor Version Tinstall Tcheck Ttotal Status Flags
r-devel-linux-x86_64-debian-clang 1.3 4.26 59.93 64.19 OK
r-devel-linux-x86_64-debian-gcc 1.3 3.77 42.94 46.71 OK
r-devel-linux-x86_64-fedora-clang 1.3 87.92 NOTE
r-devel-linux-x86_64-fedora-gcc 1.3 88.40 OK
r-devel-windows-x86_64 1.3 25.00 86.00 111.00 OK
r-patched-linux-x86_64 1.3 5.76 57.02 62.78 OK
r-release-linux-x86_64 1.3 4.21 57.43 61.64 OK
r-release-macos-arm64 1.3 21.00 OK
r-release-macos-x86_64 1.3 33.00 OK
r-release-windows-x86_64 1.3 10.00 89.00 99.00 OK
r-oldrel-macos-arm64 1.3 27.00 OK
r-oldrel-macos-x86_64 1.3 48.00 OK
r-oldrel-windows-ix86+x86_64 1.3 9.00 81.00 90.00 OK

Check Details

Version: 1.3
Check: Rd cross-references
Result: NOTE
    Undeclared package ‘energy’ in Rd xrefs
Flavor: r-devel-linux-x86_64-fedora-clang