CRAN Package Check Results for Package mnorm

Last updated on 2022-11-28 22:51:28 CET.

Flavor Version Tinstall Tcheck Ttotal Status Flags
r-devel-linux-x86_64-debian-clang 1.0.1 129.06 31.32 160.38 OK
r-devel-linux-x86_64-debian-gcc 1.0.1 110.90 24.47 135.37 OK
r-devel-linux-x86_64-fedora-clang 1.0.1 250.75 OK
r-devel-linux-x86_64-fedora-gcc 1.0.1 236.98 OK
r-devel-windows-x86_64 1.0.1 110.00 82.00 192.00 OK
r-patched-linux-x86_64 1.0.1 120.57 28.49 149.06 OK
r-release-linux-x86_64 1.0.1 113.65 28.29 141.94 OK
r-release-macos-arm64 1.0.1 63.00 NOTE
r-release-macos-x86_64 1.0.1 74.00 NOTE
r-release-windows-x86_64 1.0.1 95.00 82.00 177.00 OK
r-oldrel-macos-arm64 1.0.1 57.00 NOTE
r-oldrel-macos-x86_64 1.0.1 74.00 NOTE
r-oldrel-windows-ix86+x86_64 1.0.1 309.00 84.00 393.00 OK

Check Details

Version: 1.0.1
Check: installed package size
Result: NOTE
     installed size is 6.9Mb
     sub-directories of 1Mb or more:
     libs 6.8Mb
Flavors: r-release-macos-arm64, r-release-macos-x86_64, r-oldrel-macos-arm64, r-oldrel-macos-x86_64