CRAN Package Check Results for Package mnonr

Last updated on 2022-06-25 23:56:23 CEST.

Flavor Version Tinstall Tcheck Ttotal Status Flags
r-devel-linux-x86_64-debian-clang 1.0.0 1.99 25.42 27.41 NOTE
r-devel-linux-x86_64-debian-gcc 1.0.0 1.85 19.65 21.50 NOTE
r-devel-linux-x86_64-fedora-clang 1.0.0 44.73 NOTE
r-devel-linux-x86_64-fedora-gcc 1.0.0 44.46 NOTE
r-devel-windows-x86_64 1.0.0 15.00 53.00 68.00 NOTE
r-patched-linux-x86_64 1.0.0 2.24 24.78 27.02 NOTE
r-release-linux-x86_64 1.0.0 2.13 25.05 27.18 NOTE
r-release-macos-arm64 1.0.0 20.00 NOTE
r-release-macos-x86_64 1.0.0 22.00 NOTE
r-release-windows-x86_64 1.0.0 11.00 55.00 66.00 NOTE
r-oldrel-macos-arm64 1.0.0 20.00 NOTE
r-oldrel-macos-x86_64 1.0.0 33.00 NOTE
r-oldrel-windows-ix86+x86_64 1.0.0 6.00 60.00 66.00 NOTE

Check Details

Version: 1.0.0
Check: LazyData
Result: NOTE
     'LazyData' is specified without a 'data' directory
Flavors: r-devel-linux-x86_64-debian-clang, r-devel-linux-x86_64-debian-gcc, r-devel-linux-x86_64-fedora-clang, r-devel-linux-x86_64-fedora-gcc, r-devel-windows-x86_64, r-patched-linux-x86_64, r-release-linux-x86_64, r-release-macos-arm64, r-release-macos-x86_64, r-release-windows-x86_64, r-oldrel-macos-arm64, r-oldrel-macos-x86_64, r-oldrel-windows-ix86+x86_64