CRAN Package Check Results for Package mnlogit

Last updated on 2021-03-01 23:49:00 CET.

Flavor Version Tinstall Tcheck Ttotal Status Flags
r-devel-linux-x86_64-debian-clang 1.2.6 OK
r-devel-linux-x86_64-debian-gcc 1.2.6 5.14 394.04 399.18 OK
r-devel-linux-x86_64-fedora-clang 1.2.6 657.51 OK
r-devel-linux-x86_64-fedora-gcc 1.2.6 642.55 OK
r-devel-windows-ix86+x86_64 1.2.6 13.00 65.00 78.00 OK --no-vignettes
r-patched-linux-x86_64 1.2.6 7.30 501.47 508.77 OK
r-patched-solaris-x86 1.2.6 2027.90 WARN
r-release-linux-x86_64 1.2.6 6.46 531.27 537.73 OK
r-release-macos-x86_64 1.2.6 OK
r-release-windows-ix86+x86_64 1.2.6 20.00 98.00 118.00 OK --no-vignettes
r-oldrel-macos-x86_64 1.2.6 NOTE
r-oldrel-windows-ix86+x86_64 1.2.6 10.00 80.00 90.00 OK --no-vignettes

Check Details

Version: 1.2.6
Check: re-building of vignette outputs
Result: WARN
    Error(s) in re-building vignettes:
     ...
    --- re-building ‘mnlogit.Rnw’ using Sweave
    Package: mnlogit
    Version: 1.2.6
    Multinomial Logit Choice Models.
    Scientific Computing Group, Sentrana Inc.
    Loading required package: dfidx
    
    Attaching package: 'dfidx'
    
    The following object is masked from 'package:stats':
    
     filter
    
    
    Attaching package: 'mlogit'
    
    The following objects are masked from 'package:mnlogit':
    
     hmftest, index, scoretest
    
    Loading required package: stats4
    Loading required package: splines
    
    Attaching package: 'VGAM'
    
    The following objects are masked from 'package:mlogit':
    
     has.intercept, lrtest
    
    The following object is masked from 'package:mnlogit':
    
     lrtest
Flavor: r-patched-solaris-x86

Version: 1.2.6
Check: re-building of vignette outputs
Result: NOTE
    Error(s) in re-building vignettes:
    --- re-building ‘mnlogit.Rnw’ using Sweave
    Package: mnlogit
    Version: 1.2.6
    Multinomial Logit Choice Models.
    Scientific Computing Group, Sentrana Inc.
    Loading required package: Formula
    Loading required package: zoo
    
    Attaching package: 'zoo'
    
    The following object is masked from 'package:mnlogit':
    
     index
    
    The following objects are masked from 'package:base':
    
     as.Date, as.Date.numeric
    
    Loading required package: lmtest
    
    Attaching package: 'mlogit'
    
    The following objects are masked from 'package:mnlogit':
    
     hmftest, scoretest
Flavor: r-oldrel-macos-x86_64