CRAN Package Check Results for Package mmsample

Last updated on 2022-07-05 23:55:45 CEST.

Flavor Version Tinstall Tcheck Ttotal Status Flags
r-devel-linux-x86_64-debian-clang 0.1 24.83 27.45 52.28 NOTE
r-devel-linux-x86_64-debian-gcc 0.1 23.60 21.25 44.85 NOTE
r-devel-linux-x86_64-fedora-clang 0.1 91.64 NOTE
r-devel-linux-x86_64-fedora-gcc 0.1 83.90 NOTE
r-devel-windows-x86_64 0.1 37.00 71.00 108.00 NOTE
r-patched-linux-x86_64 0.1 23.34 26.78 50.12 NOTE
r-release-linux-x86_64 0.1 24.65 28.14 52.79 NOTE
r-release-macos-arm64 0.1 20.00 NOTE
r-release-macos-x86_64 0.1 33.00 NOTE
r-release-windows-x86_64 0.1 33.00 74.00 107.00 NOTE
r-oldrel-macos-arm64 0.1 35.00 NOTE
r-oldrel-macos-x86_64 0.1 46.00 NOTE
r-oldrel-windows-ix86+x86_64 0.1 77.00 75.00 152.00 NOTE

Check Details

Version: 0.1
Check: LazyData
Result: NOTE
     'LazyData' is specified without a 'data' directory
Flavors: r-devel-linux-x86_64-debian-clang, r-devel-linux-x86_64-debian-gcc, r-devel-linux-x86_64-fedora-clang, r-devel-linux-x86_64-fedora-gcc, r-devel-windows-x86_64, r-patched-linux-x86_64, r-release-linux-x86_64, r-release-macos-arm64, r-release-macos-x86_64, r-release-windows-x86_64, r-oldrel-macos-arm64, r-oldrel-macos-x86_64, r-oldrel-windows-ix86+x86_64