CRAN Package Check Results for Package mlt.docreg

Last updated on 2022-01-22 23:52:15 CET.

Flavor Version Tinstall Tcheck Ttotal Status Flags
r-devel-linux-x86_64-debian-clang 1.1-3 17.14 363.74 380.88 OK
r-devel-linux-x86_64-debian-gcc 1.1-3 12.47 287.45 299.92 OK
r-devel-linux-x86_64-fedora-clang 1.1-3 462.39 OK
r-devel-linux-x86_64-fedora-gcc 1.1-3 448.02 OK
r-devel-windows-x86_64-new-UL 1.1-3 37.00 480.00 517.00 OK
r-devel-windows-x86_64-new-TK 1.1-3 WARN
r-patched-linux-x86_64 1.1-3 15.08 333.10 348.18 OK
r-release-linux-x86_64 1.1-3 11.16 340.16 351.32 OK
r-release-macos-arm64 1.1-3 OK
r-release-macos-x86_64 1.1-3 OK
r-release-windows-ix86+x86_64 1.1-3 40.00 240.00 280.00 OK
r-oldrel-macos-x86_64 1.1-2 OK
r-oldrel-windows-ix86+x86_64 1.1-3 40.00 244.00 284.00 OK

Check Details

Version: 1.1-3
Check: package dependencies
Result: NOTE
    Package suggested but not available for checking: 'AER'
Flavor: r-devel-windows-x86_64-new-TK

Version: 1.1-3
Check: re-building of vignette outputs
Result: WARN
    Error(s) in re-building vignettes:
    --- re-building 'mlt.Rnw' using knitr
    Loading required package: mlt
    Loading required package: basefun
    Loading required package: variables
    Loading required package: survival
    Loading required package: eha
    Loading required package: prodlim
    Loading required package: truncreg
    Loading required package: maxLik
    Loading required package: miscTools
    
    Please cite the 'maxLik' package as:
    Henningsen, Arne and Toomet, Ott (2011). maxLik: A package for maximum likelihood estimation in R. Computational Statistics 26(3), 443-458. DOI 10.1007/s00180-010-0217-1.
    
    If you have questions, suggestions, or comments regarding the 'maxLik' package, please use a forum or 'tracker' at maxLik's R-Forge site:
    https://r-forge.r-project.org/projects/maxlik/
    Loading required package: lattice
    Loading required package: gridExtra
    Loading required package: MASS
    Loading required package: nnet
    Loading required package: HSAUR3
    Loading required package: tools
    Loading required package: sandwich
    Loading required package: flexsurv
    
    Attaching package: 'flexsurv'
    
    The following objects are masked from 'package:eha':
    
     Hgompertz, Hllogis, Hlnorm, Hweibull, dgompertz, dllogis,
     hgompertz, hllogis, hlnorm, hweibull, pgompertz, pllogis,
     qgompertz, qllogis, rgompertz, rllogis
    
    Loading required package: grid
    
    Attaching package: 'grid'
    
    The following object is masked from 'package:variables':
    
     unit
    
    Loading required package: latticeExtra
    Loading required package: colorspace
    Loading required package: multcomp
    Loading required package: mvtnorm
    Loading required package: TH.data
    
    Attaching package: 'TH.data'
    
    The following object is masked from 'package:HSAUR3':
    
     birds
    
    The following object is masked from 'package:MASS':
    
     geyser
    
    trying URL 'https://zenodo.org/record/17179/files/DVC.tgz'
     length 2292581 bytes (2.2 MB)
    ==================================================
    downloaded 2.2 MB
    
    Quitting from lines 1259-1265 (mlt.Rnw)
    Error: processing vignette 'mlt.Rnw' failed with diagnostics:
    there is no package called 'AER'
    --- failed re-building 'mlt.Rnw'
    
    SUMMARY: processing the following file failed:
     'mlt.Rnw'
    
    Error: Vignette re-building failed.
    Execution halted
Flavor: r-devel-windows-x86_64-new-TK