Last updated on 2022-05-24 23:53:12 CEST.
Flavor | Version | Tinstall | Tcheck | Ttotal | Status | Flags |
---|---|---|---|---|---|---|
r-devel-linux-x86_64-debian-clang | 0.5.0 | 4.73 | 516.04 | 520.77 | NOTE | |
r-devel-linux-x86_64-debian-gcc | 0.5.0 | 3.61 | 372.50 | 376.11 | NOTE | |
r-devel-linux-x86_64-fedora-clang | 0.5.0 | 592.22 | NOTE | |||
r-devel-linux-x86_64-fedora-gcc | 0.5.0 | 583.37 | NOTE | |||
r-devel-windows-x86_64 | 0.5.0 | 15.00 | 491.00 | 506.00 | NOTE | |
r-patched-linux-x86_64 | 0.5.0 | 5.34 | 475.17 | 480.51 | NOTE | |
r-release-linux-x86_64 | 0.5.0 | NOTE | ||||
r-release-macos-arm64 | 0.5.0 | 311.00 | NOTE | |||
r-release-macos-x86_64 | 0.5.0 | 477.00 | NOTE | |||
r-release-windows-x86_64 | 0.5.0 | 24.00 | 515.00 | 539.00 | NOTE | |
r-oldrel-macos-arm64 | 0.5.0 | 451.00 | NOTE | |||
r-oldrel-macos-x86_64 | 0.5.0 | 422.00 | NOTE | |||
r-oldrel-windows-ix86+x86_64 | 0.5.0 | 12.00 | 516.00 | 528.00 | NOTE |
Version: 0.5.0
Check: LazyData
Result: NOTE
'LazyData' is specified without a 'data' directory
Flavors: r-devel-linux-x86_64-debian-clang, r-devel-linux-x86_64-debian-gcc, r-devel-linux-x86_64-fedora-clang, r-devel-linux-x86_64-fedora-gcc, r-devel-windows-x86_64, r-patched-linux-x86_64, r-release-linux-x86_64, r-release-macos-arm64, r-release-macos-x86_64, r-release-windows-x86_64, r-oldrel-macos-arm64, r-oldrel-macos-x86_64, r-oldrel-windows-ix86+x86_64