CRAN Package Check Results for Package mlrMBO

Last updated on 2024-06-21 00:57:16 CEST.

Flavor Version Tinstall Tcheck Ttotal Status Flags
r-devel-linux-x86_64-debian-clang 1.1.5.1 18.72 311.40 330.12 NOTE
r-devel-linux-x86_64-debian-gcc 1.1.5.1 14.65 231.44 246.09 NOTE
r-devel-linux-x86_64-fedora-clang 1.1.5.1 373.78 NOTE
r-devel-linux-x86_64-fedora-gcc 1.1.5.1 402.47 NOTE
r-devel-windows-x86_64 1.1.5.1 20.00 211.00 231.00 NOTE
r-patched-linux-x86_64 1.1.5.1 17.50 303.88 321.38 NOTE
r-release-linux-x86_64 1.1.5.1 19.53 303.55 323.08 NOTE
r-release-macos-arm64 1.1.5.1 106.00 NOTE
r-release-macos-x86_64 1.1.5.1 181.00 NOTE
r-release-windows-x86_64 1.1.5.1 21.00 219.00 240.00 NOTE
r-oldrel-macos-arm64 1.1.5.1 123.00 OK
r-oldrel-macos-x86_64 1.1.5.1 196.00 OK
r-oldrel-windows-x86_64 1.1.5.1 25.00 300.00 325.00 OK

Check Details

Version: 1.1.5.1
Check: Rd files
Result: NOTE checkRd: (-1) MBOMultiObjResult.Rd:8: Lost braces in \itemize; meant \describe ? checkRd: (-1) MBOMultiObjResult.Rd:9: Lost braces in \itemize; meant \describe ? checkRd: (-1) MBOMultiObjResult.Rd:10: Lost braces in \itemize; meant \describe ? checkRd: (-1) MBOMultiObjResult.Rd:11-13: Lost braces in \itemize; meant \describe ? checkRd: (-1) MBOMultiObjResult.Rd:15: Lost braces in \itemize; meant \describe ? checkRd: (-1) MBOSingleObjResult.Rd:8: Lost braces in \itemize; meant \describe ? checkRd: (-1) MBOSingleObjResult.Rd:9-11: Lost braces in \itemize; meant \describe ? checkRd: (-1) MBOSingleObjResult.Rd:12: Lost braces in \itemize; meant \describe ? checkRd: (-1) MBOSingleObjResult.Rd:13-15: Lost braces in \itemize; meant \describe ? checkRd: (-1) MBOSingleObjResult.Rd:16: Lost braces in \itemize; meant \describe ? checkRd: (-1) MBOSingleObjResult.Rd:27: Lost braces in \itemize; meant \describe ? checkRd: (-1) error_handling.Rd:12: Lost braces in \itemize; meant \describe ? checkRd: (-1) error_handling.Rd:13: Lost braces in \itemize; meant \describe ? checkRd: (-1) error_handling.Rd:14: Lost braces in \itemize; meant \describe ? checkRd: (-1) error_handling.Rd:15: Lost braces in \itemize; meant \describe ? checkRd: (-1) error_handling.Rd:16-17: Lost braces in \itemize; meant \describe ? checkRd: (-1) error_handling.Rd:18-20: Lost braces in \itemize; meant \describe ? checkRd: (-1) error_handling.Rd:21: Lost braces in \itemize; meant \describe ? checkRd: (-1) mbo_parallel.Rd:9: Lost braces in \itemize; meant \describe ? checkRd: (-1) mbo_parallel.Rd:10: Lost braces in \itemize; meant \describe ? checkRd: (-1) setMBOControlMultiObj.Rd:119-120: Lost braces 119 | Notes in Computer Science, ISBN 978-3-642-37139-4, pp. 756{770, | ^ checkRd: (-1) trafos.Rd:28: Lost braces in \itemize; meant \describe ? checkRd: (-1) trafos.Rd:29: Lost braces in \itemize; meant \describe ? Flavors: r-devel-linux-x86_64-debian-clang, r-devel-linux-x86_64-debian-gcc, r-devel-linux-x86_64-fedora-clang, r-devel-linux-x86_64-fedora-gcc, r-devel-windows-x86_64, r-patched-linux-x86_64, r-release-linux-x86_64, r-release-macos-arm64, r-release-macos-x86_64, r-release-windows-x86_64