CRAN Package Check Results for Package mlrCPO

Last updated on 2019-07-22 06:47:42 CEST.

Flavor Version Tinstall Tcheck Ttotal Status Flags
r-devel-linux-x86_64-debian-clang 0.3.4-3 22.91 316.75 339.66 OK
r-devel-linux-x86_64-debian-gcc 0.3.4-3 20.75 238.10 258.85 OK
r-devel-linux-x86_64-fedora-clang 0.3.4-3 385.72 OK
r-devel-linux-x86_64-fedora-gcc 0.3.4-3 395.10 OK
r-devel-windows-ix86+x86_64 0.3.4-3 35.00 442.00 477.00 OK
r-patched-linux-x86_64 0.3.4-3 22.28 308.13 330.41 OK
r-patched-solaris-x86 0.3.4-3 402.90 WARN
r-release-linux-x86_64 0.3.4-3 22.39 312.23 334.62 OK
r-release-windows-ix86+x86_64 0.3.4-3 34.00 318.00 352.00 OK
r-release-osx-x86_64 0.3.4-3 WARN
r-oldrel-windows-ix86+x86_64 0.3.4-3 44.00 380.00 424.00 OK
r-oldrel-osx-x86_64 0.3.4-3 WARN

Check Details

Version: 0.3.4-3
Check: package dependencies
Result: NOTE
    Package suggested but not available for checking: ‘FSelector’
Flavor: r-patched-solaris-x86

Version: 0.3.4-3
Check: re-building of vignette outputs
Result: WARN
    Error(s) in re-building vignettes:
     ...
    --- re-building ‘a_1_getting_started.Rmd’ using rmarkdown
    Warning in engine$weave(file, quiet = quiet, encoding = enc) :
     Pandoc (>= 1.12.3) and/or pandoc-citeproc not available. Falling back to R Markdown v1.
    Quitting from lines 5-183 (./toc/vignettetoc.Rmd)
    Quitting from lines 5-183 (./toc/vignettetoc.Rmd)
    Error: processing vignette 'a_1_getting_started.Rmd' failed with diagnostics:
    argument is of length zero
    --- failed re-building ‘a_1_getting_started.Rmd’
    
    --- re-building ‘a_2_mlrCPO_core.Rmd’ using rmarkdown
    Warning in engine$weave(file, quiet = quiet, encoding = enc) :
     Pandoc (>= 1.12.3) and/or pandoc-citeproc not available. Falling back to R Markdown v1.
    Quitting from lines 5-183 (./toc/vignettetoc.Rmd)
    Quitting from lines 5-183 (./toc/vignettetoc.Rmd)
    Error: processing vignette 'a_2_mlrCPO_core.Rmd' failed with diagnostics:
    argument is of length zero
    --- failed re-building ‘a_2_mlrCPO_core.Rmd’
    
    --- re-building ‘a_3_all_CPOs.Rmd’ using rmarkdown
    Warning in engine$weave(file, quiet = quiet, encoding = enc) :
     Pandoc (>= 1.12.3) and/or pandoc-citeproc not available. Falling back to R Markdown v1.
    Quitting from lines 5-183 (./toc/vignettetoc.Rmd)
    Quitting from lines 5-183 (./toc/vignettetoc.Rmd)
    Error: processing vignette 'a_3_all_CPOs.Rmd' failed with diagnostics:
    argument is of length zero
    --- failed re-building ‘a_3_all_CPOs.Rmd’
    
    --- re-building ‘a_4_custom_CPOs.Rmd’ using rmarkdown
    Warning in engine$weave(file, quiet = quiet, encoding = enc) :
     Pandoc (>= 1.12.3) and/or pandoc-citeproc not available. Falling back to R Markdown v1.
    Quitting from lines 5-183 (./toc/vignettetoc.Rmd)
    Quitting from lines 5-183 (./toc/vignettetoc.Rmd)
    Error: processing vignette 'a_4_custom_CPOs.Rmd' failed with diagnostics:
    argument is of length zero
    --- failed re-building ‘a_4_custom_CPOs.Rmd’
    
    --- re-building ‘z_1_getting_started_terse.Rmd’ using rmarkdown
    Warning in engine$weave(file, quiet = quiet, encoding = enc) :
     Pandoc (>= 1.12.3) and/or pandoc-citeproc not available. Falling back to R Markdown v1.
    Quitting from lines 5-183 (./toc/vignettetoc.Rmd)
    Error: processing vignette 'z_1_getting_started_terse.Rmd' failed with diagnostics:
    argument is of length zero
    --- failed re-building ‘z_1_getting_started_terse.Rmd’
    
    --- re-building ‘z_2_mlrCPO_core_terse.Rmd’ using rmarkdown
    Warning in engine$weave(file, quiet = quiet, encoding = enc) :
     Pandoc (>= 1.12.3) and/or pandoc-citeproc not available. Falling back to R Markdown v1.
    Quitting from lines 5-183 (./toc/vignettetoc.Rmd)
    Error: processing vignette 'z_2_mlrCPO_core_terse.Rmd' failed with diagnostics:
    argument is of length zero
    --- failed re-building ‘z_2_mlrCPO_core_terse.Rmd’
    
    --- re-building ‘z_3_all_CPOs_terse.Rmd’ using rmarkdown
    Warning in engine$weave(file, quiet = quiet, encoding = enc) :
     Pandoc (>= 1.12.3) and/or pandoc-citeproc not available. Falling back to R Markdown v1.
    Quitting from lines 5-183 (./toc/vignettetoc.Rmd)
    Error: processing vignette 'z_3_all_CPOs_terse.Rmd' failed with diagnostics:
    argument is of length zero
    --- failed re-building ‘z_3_all_CPOs_terse.Rmd’
    
    --- re-building ‘z_4_custom_CPOs_terse.Rmd’ using rmarkdown
    Warning in engine$weave(file, quiet = quiet, encoding = enc) :
     Pandoc (>= 1.12.3) and/or pandoc-citeproc not available. Falling back to R Markdown v1.
    Quitting from lines 5-183 (./toc/vignettetoc.Rmd)
    Error: processing vignette 'z_4_custom_CPOs_terse.Rmd' failed with diagnostics:
    argument is of length zero
    --- failed re-building ‘z_4_custom_CPOs_terse.Rmd’
    
    SUMMARY: processing the following files failed:
     ‘a_1_getting_started.Rmd’ ‘a_2_mlrCPO_core.Rmd’ ‘a_3_all_CPOs.Rmd’
     ‘a_4_custom_CPOs.Rmd’ ‘z_1_getting_started_terse.Rmd’
     ‘z_2_mlrCPO_core_terse.Rmd’ ‘z_3_all_CPOs_terse.Rmd’
     ‘z_4_custom_CPOs_terse.Rmd’
    
    Error: Vignette re-building failed.
    Execution halted
Flavor: r-patched-solaris-x86

Version: 0.3.4-3
Check: re-building of vignette outputs
Result: WARN
    Error(s) in re-building vignettes:
    --- re-building ‘a_1_getting_started.Rmd’ using rmarkdown
    Warning in engine$weave(file, quiet = quiet, encoding = enc) :
     Pandoc (>= 1.12.3) and/or pandoc-citeproc not available. Falling back to R Markdown v1.
    Quitting from lines 5-183 (./toc/vignettetoc.Rmd)
    Quitting from lines 5-183 (./toc/vignettetoc.Rmd)
    Error: processing vignette 'a_1_getting_started.Rmd' failed with diagnostics:
    argument is of length zero
    --- failed re-building ‘a_1_getting_started.Rmd’
    
    --- re-building ‘a_2_mlrCPO_core.Rmd’ using rmarkdown
    Warning in engine$weave(file, quiet = quiet, encoding = enc) :
     Pandoc (>= 1.12.3) and/or pandoc-citeproc not available. Falling back to R Markdown v1.
    Quitting from lines 5-183 (./toc/vignettetoc.Rmd)
    Quitting from lines 5-183 (./toc/vignettetoc.Rmd)
    Error: processing vignette 'a_2_mlrCPO_core.Rmd' failed with diagnostics:
    argument is of length zero
    --- failed re-building ‘a_2_mlrCPO_core.Rmd’
    
    --- re-building ‘a_3_all_CPOs.Rmd’ using rmarkdown
    Warning in engine$weave(file, quiet = quiet, encoding = enc) :
     Pandoc (>= 1.12.3) and/or pandoc-citeproc not available. Falling back to R Markdown v1.
    Quitting from lines 5-183 (./toc/vignettetoc.Rmd)
    Quitting from lines 5-183 (./toc/vignettetoc.Rmd)
    Error: processing vignette 'a_3_all_CPOs.Rmd' failed with diagnostics:
    argument is of length zero
    --- failed re-building ‘a_3_all_CPOs.Rmd’
    
    --- re-building ‘a_4_custom_CPOs.Rmd’ using rmarkdown
    Warning in engine$weave(file, quiet = quiet, encoding = enc) :
     Pandoc (>= 1.12.3) and/or pandoc-citeproc not available. Falling back to R Markdown v1.
    Quitting from lines 5-183 (./toc/vignettetoc.Rmd)
    Quitting from lines 5-183 (./toc/vignettetoc.Rmd)
    Error: processing vignette 'a_4_custom_CPOs.Rmd' failed with diagnostics:
    argument is of length zero
    --- failed re-building ‘a_4_custom_CPOs.Rmd’
    
    --- re-building ‘z_1_getting_started_terse.Rmd’ using rmarkdown
    Warning in engine$weave(file, quiet = quiet, encoding = enc) :
     Pandoc (>= 1.12.3) and/or pandoc-citeproc not available. Falling back to R Markdown v1.
    Quitting from lines 5-183 (./toc/vignettetoc.Rmd)
    Error: processing vignette 'z_1_getting_started_terse.Rmd' failed with diagnostics:
    argument is of length zero
    --- failed re-building ‘z_1_getting_started_terse.Rmd’
    
    --- re-building ‘z_2_mlrCPO_core_terse.Rmd’ using rmarkdown
    Warning in engine$weave(file, quiet = quiet, encoding = enc) :
     Pandoc (>= 1.12.3) and/or pandoc-citeproc not available. Falling back to R Markdown v1.
    Quitting from lines 5-183 (./toc/vignettetoc.Rmd)
    Error: processing vignette 'z_2_mlrCPO_core_terse.Rmd' failed with diagnostics:
    argument is of length zero
    --- failed re-building ‘z_2_mlrCPO_core_terse.Rmd’
    
    --- re-building ‘z_3_all_CPOs_terse.Rmd’ using rmarkdown
    Warning in engine$weave(file, quiet = quiet, encoding = enc) :
     Pandoc (>= 1.12.3) and/or pandoc-citeproc not available. Falling back to R Markdown v1.
    Quitting from lines 5-183 (./toc/vignettetoc.Rmd)
    Error: processing vignette 'z_3_all_CPOs_terse.Rmd' failed with diagnostics:
    argument is of length zero
    --- failed re-building ‘z_3_all_CPOs_terse.Rmd’
    
    --- re-building ‘z_4_custom_CPOs_terse.Rmd’ using rmarkdown
    Warning in engine$weave(file, quiet = quiet, encoding = enc) :
     Pandoc (>= 1.12.3) and/or pandoc-citeproc not available. Falling back to R Markdown v1.
    Quitting from lines 5-183 (./toc/vignettetoc.Rmd)
    Error: processing vignette 'z_4_custom_CPOs_terse.Rmd' failed with diagnostics:
    argument is of length zero
    --- failed re-building ‘z_4_custom_CPOs_terse.Rmd’
    
    SUMMARY: processing the following files failed:
     ‘a_1_getting_started.Rmd’ ‘a_2_mlrCPO_core.Rmd’ ‘a_3_all_CPOs.Rmd’
     ‘a_4_custom_CPOs.Rmd’ ‘z_1_getting_started_terse.Rmd’
     ‘z_2_mlrCPO_core_terse.Rmd’ ‘z_3_all_CPOs_terse.Rmd’
     ‘z_4_custom_CPOs_terse.Rmd’
    
    Error: Vignette re-building failed.
    Execution halted
Flavor: r-release-osx-x86_64

Version: 0.3.4-3
Check: re-building of vignette outputs
Result: WARN
    Error in re-building vignettes:
     ...
    Warning in engine$weave(file, quiet = quiet, encoding = enc) :
     Pandoc (>= 1.12.3) and/or pandoc-citeproc not available. Falling back to R Markdown v1.
    Quitting from lines 5-183 (./toc/vignettetoc.Rmd)
    Quitting from lines 5-183 (./toc/vignettetoc.Rmd)
    Error: processing vignette 'a_1_getting_started.Rmd' failed with diagnostics:
    argument is of length zero
    Execution halted
Flavor: r-oldrel-osx-x86_64