CRAN Package Check Results for Package mlrCPO

Last updated on 2019-05-19 02:46:36 CEST.

Flavor Version Tinstall Tcheck Ttotal Status Flags
r-devel-linux-x86_64-debian-clang 0.3.4-3 25.47 308.07 333.54 OK
r-devel-linux-x86_64-debian-gcc 0.3.4-3 23.28 239.63 262.91 OK
r-devel-linux-x86_64-fedora-clang 0.3.4-3 417.38 OK
r-devel-linux-x86_64-fedora-gcc 0.3.4-3 397.61 OK
r-devel-windows-ix86+x86_64 0.3.4-3 61.00 429.00 490.00 OK
r-patched-linux-x86_64 0.3.4-3 19.58 302.04 321.62 OK
r-patched-solaris-x86 0.3.4-3 406.00 WARN
r-release-linux-x86_64 0.3.4-3 24.60 303.55 328.15 OK
r-release-windows-ix86+x86_64 0.3.4-3 58.00 425.00 483.00 OK
r-release-osx-x86_64 0.3.4-3 WARN
r-oldrel-windows-ix86+x86_64 0.3.4-3 30.00 299.00 329.00 WARN
r-oldrel-osx-x86_64 0.3.4-3 WARN

Check Details

Version: 0.3.4-3
Check: package dependencies
Result: NOTE
    Package suggested but not available for checking: ‘FSelector’
Flavor: r-patched-solaris-x86

Version: 0.3.4-3
Check: re-building of vignette outputs
Result: WARN
    Error(s) in re-building vignettes:
     ...
    --- re-building ‘a_1_getting_started.Rmd’ using rmarkdown
    Warning in engine$weave(file, quiet = quiet, encoding = enc) :
     Pandoc (>= 1.12.3) and/or pandoc-citeproc not available. Falling back to R Markdown v1.
    Quitting from lines 5-183 (./toc/vignettetoc.Rmd)
    Quitting from lines 5-183 (./toc/vignettetoc.Rmd)
    Error: processing vignette 'a_1_getting_started.Rmd' failed with diagnostics:
    argument is of length zero
    --- failed re-building ‘a_1_getting_started.Rmd’
    
    --- re-building ‘a_2_mlrCPO_core.Rmd’ using rmarkdown
    Warning in engine$weave(file, quiet = quiet, encoding = enc) :
     Pandoc (>= 1.12.3) and/or pandoc-citeproc not available. Falling back to R Markdown v1.
    Quitting from lines 5-183 (./toc/vignettetoc.Rmd)
    Quitting from lines 5-183 (./toc/vignettetoc.Rmd)
    Error: processing vignette 'a_2_mlrCPO_core.Rmd' failed with diagnostics:
    argument is of length zero
    --- failed re-building ‘a_2_mlrCPO_core.Rmd’
    
    --- re-building ‘a_3_all_CPOs.Rmd’ using rmarkdown
    Warning in engine$weave(file, quiet = quiet, encoding = enc) :
     Pandoc (>= 1.12.3) and/or pandoc-citeproc not available. Falling back to R Markdown v1.
    Quitting from lines 5-183 (./toc/vignettetoc.Rmd)
    Quitting from lines 5-183 (./toc/vignettetoc.Rmd)
    Error: processing vignette 'a_3_all_CPOs.Rmd' failed with diagnostics:
    argument is of length zero
    --- failed re-building ‘a_3_all_CPOs.Rmd’
    
    --- re-building ‘a_4_custom_CPOs.Rmd’ using rmarkdown
    Warning in engine$weave(file, quiet = quiet, encoding = enc) :
     Pandoc (>= 1.12.3) and/or pandoc-citeproc not available. Falling back to R Markdown v1.
    Quitting from lines 5-183 (./toc/vignettetoc.Rmd)
    Quitting from lines 5-183 (./toc/vignettetoc.Rmd)
    Error: processing vignette 'a_4_custom_CPOs.Rmd' failed with diagnostics:
    argument is of length zero
    --- failed re-building ‘a_4_custom_CPOs.Rmd’
    
    --- re-building ‘z_1_getting_started_terse.Rmd’ using rmarkdown
    Warning in engine$weave(file, quiet = quiet, encoding = enc) :
     Pandoc (>= 1.12.3) and/or pandoc-citeproc not available. Falling back to R Markdown v1.
    Quitting from lines 5-183 (./toc/vignettetoc.Rmd)
    Error: processing vignette 'z_1_getting_started_terse.Rmd' failed with diagnostics:
    argument is of length zero
    --- failed re-building ‘z_1_getting_started_terse.Rmd’
    
    --- re-building ‘z_2_mlrCPO_core_terse.Rmd’ using rmarkdown
    Warning in engine$weave(file, quiet = quiet, encoding = enc) :
     Pandoc (>= 1.12.3) and/or pandoc-citeproc not available. Falling back to R Markdown v1.
    Quitting from lines 5-183 (./toc/vignettetoc.Rmd)
    Error: processing vignette 'z_2_mlrCPO_core_terse.Rmd' failed with diagnostics:
    argument is of length zero
    --- failed re-building ‘z_2_mlrCPO_core_terse.Rmd’
    
    --- re-building ‘z_3_all_CPOs_terse.Rmd’ using rmarkdown
    Warning in engine$weave(file, quiet = quiet, encoding = enc) :
     Pandoc (>= 1.12.3) and/or pandoc-citeproc not available. Falling back to R Markdown v1.
    Quitting from lines 5-183 (./toc/vignettetoc.Rmd)
    Error: processing vignette 'z_3_all_CPOs_terse.Rmd' failed with diagnostics:
    argument is of length zero
    --- failed re-building ‘z_3_all_CPOs_terse.Rmd’
    
    --- re-building ‘z_4_custom_CPOs_terse.Rmd’ using rmarkdown
    Warning in engine$weave(file, quiet = quiet, encoding = enc) :
     Pandoc (>= 1.12.3) and/or pandoc-citeproc not available. Falling back to R Markdown v1.
    Quitting from lines 5-183 (./toc/vignettetoc.Rmd)
    Error: processing vignette 'z_4_custom_CPOs_terse.Rmd' failed with diagnostics:
    argument is of length zero
    --- failed re-building ‘z_4_custom_CPOs_terse.Rmd’
    
    SUMMARY: processing the following files failed:
     ‘a_1_getting_started.Rmd’ ‘a_2_mlrCPO_core.Rmd’ ‘a_3_all_CPOs.Rmd’
     ‘a_4_custom_CPOs.Rmd’ ‘z_1_getting_started_terse.Rmd’
     ‘z_2_mlrCPO_core_terse.Rmd’ ‘z_3_all_CPOs_terse.Rmd’
     ‘z_4_custom_CPOs_terse.Rmd’
    
    Error: Vignette re-building failed.
    Execution halted
Flavor: r-patched-solaris-x86

Version: 0.3.4-3
Check: re-building of vignette outputs
Result: WARN
    Error(s) in re-building vignettes:
    --- re-building ‘a_1_getting_started.Rmd’ using rmarkdown
    Warning in engine$weave(file, quiet = quiet, encoding = enc) :
     Pandoc (>= 1.12.3) and/or pandoc-citeproc not available. Falling back to R Markdown v1.
    Quitting from lines 5-183 (./toc/vignettetoc.Rmd)
    Quitting from lines 5-183 (./toc/vignettetoc.Rmd)
    Error: processing vignette 'a_1_getting_started.Rmd' failed with diagnostics:
    argument is of length zero
    --- failed re-building ‘a_1_getting_started.Rmd’
    
    --- re-building ‘a_2_mlrCPO_core.Rmd’ using rmarkdown
    Warning in engine$weave(file, quiet = quiet, encoding = enc) :
     Pandoc (>= 1.12.3) and/or pandoc-citeproc not available. Falling back to R Markdown v1.
    Quitting from lines 5-183 (./toc/vignettetoc.Rmd)
    Quitting from lines 5-183 (./toc/vignettetoc.Rmd)
    Error: processing vignette 'a_2_mlrCPO_core.Rmd' failed with diagnostics:
    argument is of length zero
    --- failed re-building ‘a_2_mlrCPO_core.Rmd’
    
    --- re-building ‘a_3_all_CPOs.Rmd’ using rmarkdown
    Warning in engine$weave(file, quiet = quiet, encoding = enc) :
     Pandoc (>= 1.12.3) and/or pandoc-citeproc not available. Falling back to R Markdown v1.
    Quitting from lines 5-183 (./toc/vignettetoc.Rmd)
    Quitting from lines 5-183 (./toc/vignettetoc.Rmd)
    Error: processing vignette 'a_3_all_CPOs.Rmd' failed with diagnostics:
    argument is of length zero
    --- failed re-building ‘a_3_all_CPOs.Rmd’
    
    --- re-building ‘a_4_custom_CPOs.Rmd’ using rmarkdown
    Warning in engine$weave(file, quiet = quiet, encoding = enc) :
     Pandoc (>= 1.12.3) and/or pandoc-citeproc not available. Falling back to R Markdown v1.
    Quitting from lines 5-183 (./toc/vignettetoc.Rmd)
    Quitting from lines 5-183 (./toc/vignettetoc.Rmd)
    Error: processing vignette 'a_4_custom_CPOs.Rmd' failed with diagnostics:
    argument is of length zero
    --- failed re-building ‘a_4_custom_CPOs.Rmd’
    
    --- re-building ‘z_1_getting_started_terse.Rmd’ using rmarkdown
    Warning in engine$weave(file, quiet = quiet, encoding = enc) :
     Pandoc (>= 1.12.3) and/or pandoc-citeproc not available. Falling back to R Markdown v1.
    Quitting from lines 5-183 (./toc/vignettetoc.Rmd)
    Error: processing vignette 'z_1_getting_started_terse.Rmd' failed with diagnostics:
    argument is of length zero
    --- failed re-building ‘z_1_getting_started_terse.Rmd’
    
    --- re-building ‘z_2_mlrCPO_core_terse.Rmd’ using rmarkdown
    Warning in engine$weave(file, quiet = quiet, encoding = enc) :
     Pandoc (>= 1.12.3) and/or pandoc-citeproc not available. Falling back to R Markdown v1.
    Quitting from lines 5-183 (./toc/vignettetoc.Rmd)
    Error: processing vignette 'z_2_mlrCPO_core_terse.Rmd' failed with diagnostics:
    argument is of length zero
    --- failed re-building ‘z_2_mlrCPO_core_terse.Rmd’
    
    --- re-building ‘z_3_all_CPOs_terse.Rmd’ using rmarkdown
    Warning in engine$weave(file, quiet = quiet, encoding = enc) :
     Pandoc (>= 1.12.3) and/or pandoc-citeproc not available. Falling back to R Markdown v1.
    Quitting from lines 5-183 (./toc/vignettetoc.Rmd)
    Error: processing vignette 'z_3_all_CPOs_terse.Rmd' failed with diagnostics:
    argument is of length zero
    --- failed re-building ‘z_3_all_CPOs_terse.Rmd’
    
    --- re-building ‘z_4_custom_CPOs_terse.Rmd’ using rmarkdown
    Warning in engine$weave(file, quiet = quiet, encoding = enc) :
     Pandoc (>= 1.12.3) and/or pandoc-citeproc not available. Falling back to R Markdown v1.
    Quitting from lines 5-183 (./toc/vignettetoc.Rmd)
    Error: processing vignette 'z_4_custom_CPOs_terse.Rmd' failed with diagnostics:
    argument is of length zero
    --- failed re-building ‘z_4_custom_CPOs_terse.Rmd’
    
    SUMMARY: processing the following files failed:
     ‘a_1_getting_started.Rmd’ ‘a_2_mlrCPO_core.Rmd’ ‘a_3_all_CPOs.Rmd’
     ‘a_4_custom_CPOs.Rmd’ ‘z_1_getting_started_terse.Rmd’
     ‘z_2_mlrCPO_core_terse.Rmd’ ‘z_3_all_CPOs_terse.Rmd’
     ‘z_4_custom_CPOs_terse.Rmd’
    
    Error: Vignette re-building failed.
    Execution halted
Flavor: r-release-osx-x86_64

Version: 0.3.4-3
Check: whether package can be installed
Result: WARN
    Found the following significant warnings:
     Warning: S3 methods '[.fun_list', '[.grouped_df', 'all.equal.tbl_df', 'anti_join.data.frame', 'anti_join.tbl_df', 'arrange.data.frame', 'arrange.default', 'arrange.grouped_df', 'arrange.tbl_df', 'arrange_.data.frame', 'arrange_.tbl_df', 'as.data.frame.grouped_df', 'as.data.frame.rowwise_df', 'as.data.frame.tbl_cube', 'as.table.tbl_cube', 'as.tbl.data.frame', 'as.tbl.tbl', 'as.tbl_cube.array', 'as.tbl_cube.data.frame', 'as.tbl_cube.matrix', 'as.tbl_cube.table', 'as_tibble.grouped_df', 'as_tibble.tbl_cube', 'auto_copy.tbl_cube', 'auto_copy.tbl_df', 'cbind.grouped_df', 'collapse.data.frame', 'collect.data.frame', 'common_by.NULL', 'common_by.character', 'common_by.default', 'common_by.list', 'compute.data.frame', 'copy_to.DBIConnection', 'copy_to.src_local', 'default_missing.data.frame', 'default_missing.default', 'dim.tbl_cube', 'distinct.data.frame', 'distinct.default', 'distinct.grouped_df', 'distinct.tbl_df', 'distinct_.data.frame', 'distinct_.grouped_df', 'distinct_.tbl_df', 'do.NULL', 'do.da [... truncated]
Flavor: r-oldrel-windows-ix86+x86_64

Version: 0.3.4-3
Check: re-building of vignette outputs
Result: WARN
    Error in re-building vignettes:
     ...
    Warning in engine$weave(file, quiet = quiet, encoding = enc) :
     Pandoc (>= 1.12.3) and/or pandoc-citeproc not available. Falling back to R Markdown v1.
    Quitting from lines 5-183 (./toc/vignettetoc.Rmd)
    Quitting from lines 5-183 (./toc/vignettetoc.Rmd)
    Error: processing vignette 'a_1_getting_started.Rmd' failed with diagnostics:
    argument is of length zero
    Execution halted
Flavor: r-oldrel-osx-x86_64