CRAN Package Check Results for Package mlr3verse

Last updated on 2022-08-14 23:54:07 CEST.

Flavor Version Tinstall Tcheck Ttotal Status Flags
r-devel-linux-x86_64-debian-clang 0.2.5 0.28 2.84 3.12 ERROR
r-devel-linux-x86_64-debian-gcc 0.2.5 0.35 2.13 2.48 ERROR
r-devel-linux-x86_64-fedora-clang 0.2.5 12.26 ERROR
r-devel-linux-x86_64-fedora-gcc 0.2.5 116.48 OK
r-devel-windows-x86_64 0.2.5 9.00 7.00 16.00 ERROR
r-patched-linux-x86_64 0.2.5 0.28 2.56 2.84 ERROR
r-release-linux-x86_64 0.2.5 5.76 75.19 80.95 OK
r-release-macos-arm64 0.2.5 40.00 OK
r-release-macos-x86_64 0.2.5 49.00 OK
r-release-windows-x86_64 0.2.5 10.00 8.00 18.00 ERROR
r-oldrel-macos-arm64 0.2.5 36.00 OK
r-oldrel-macos-x86_64 0.2.5 49.00 OK
r-oldrel-windows-ix86+x86_64 0.2.5 25.00 106.00 131.00 OK

Check Details

Version: 0.2.5
Check: package dependencies
Result: ERROR
    Package required but not available: 'mlr3cluster'
    
    See section 'The DESCRIPTION file' in the 'Writing R Extensions'
    manual.
Flavors: r-devel-linux-x86_64-debian-clang, r-devel-linux-x86_64-debian-gcc, r-devel-linux-x86_64-fedora-clang, r-patched-linux-x86_64

Version: 0.2.5
Check: whether package can be installed
Result: ERROR
    Installation failed.
Flavors: r-devel-windows-x86_64, r-release-windows-x86_64