CRAN Package Check Results for Package mlr3spatiotempcv

Last updated on 2021-03-01 23:49:00 CET.

Flavor Version Tinstall Tcheck Ttotal Status Flags
r-devel-linux-x86_64-debian-clang 0.1.1 OK
r-devel-linux-x86_64-debian-gcc 0.1.1 11.63 155.00 166.63 OK
r-devel-linux-x86_64-fedora-clang 0.1.1 268.28 NOTE
r-devel-linux-x86_64-fedora-gcc 0.1.1 271.18 NOTE
r-devel-windows-ix86+x86_64 0.1.1 22.00 175.00 197.00 OK
r-patched-linux-x86_64 0.1.1 14.57 195.24 209.81 OK
r-patched-solaris-x86 0.1.1 355.60 NOTE
r-release-linux-x86_64 0.1.1 15.78 197.96 213.74 OK
r-release-macos-x86_64 0.1.1 NOTE
r-release-windows-ix86+x86_64 0.1.1 34.00 238.00 272.00 OK
r-oldrel-macos-x86_64 0.1.1 NOTE
r-oldrel-windows-ix86+x86_64 0.1.1 17.00 218.00 235.00 OK

Check Details

Version: 0.1.1
Check: dependencies in R code
Result: NOTE
    Namespace in Imports field not imported from: ‘testthat’
     All declared Imports should be used.
Flavors: r-devel-linux-x86_64-fedora-clang, r-devel-linux-x86_64-fedora-gcc, r-patched-solaris-x86, r-release-macos-x86_64, r-oldrel-macos-x86_64