CRAN Package Check Results for Package mlr3pipelines

Last updated on 2021-03-01 23:49:00 CET.

Flavor Version Tinstall Tcheck Ttotal Status Flags
r-devel-linux-x86_64-debian-clang 0.3.3 OK
r-devel-linux-x86_64-debian-gcc 0.3.3 26.71 342.57 369.28 OK
r-devel-linux-x86_64-fedora-clang 0.3.3 572.68 NOTE
r-devel-linux-x86_64-fedora-gcc 0.3.3 569.83 OK
r-devel-windows-ix86+x86_64 0.3.3 41.00 298.00 339.00 OK
r-patched-linux-x86_64 0.3.3 27.54 440.15 467.69 OK
r-patched-solaris-x86 0.3.3 684.80 OK
r-release-linux-x86_64 0.3.3 26.07 445.22 471.29 OK
r-release-macos-x86_64 0.3.3 OK
r-release-windows-ix86+x86_64 0.3.3 51.00 418.00 469.00 OK
r-oldrel-macos-x86_64 0.3.3 OK
r-oldrel-windows-ix86+x86_64 0.3.3 32.00 322.00 354.00 OK

Check Details

Version: 0.3.3
Check: Rd cross-references
Result: NOTE
    Undeclared package ‘htmlwidgets’ in Rd xrefs
Flavor: r-devel-linux-x86_64-fedora-clang